{"id":38828,"date":"2026-01-23T18:30:22","date_gmt":"2026-01-23T18:30:22","guid":{"rendered":"http:\/\/pargift.pl\/index.php\/produkt\/brelok-dumbo-srebrny\/"},"modified":"2026-02-10T17:30:10","modified_gmt":"2026-02-10T17:30:10","slug":"brelok-dumbo-srebrny","status":"publish","type":"product","link":"https:\/\/pargift.pl\/index.php\/produkt\/brelok-dumbo-srebrny\/","title":{"rendered":"Brelok Dumbo, srebrny"},"content":{"rendered":"<div class=\"text-base my-auto mx-auto pb-10 [--thread-content-margin:--spacing(4)] @w-sm\/main:[--thread-content-margin:--spacing(6)] @w-lg\/main:[--thread-content-margin:--spacing(16)] px-(--thread-content-margin)\">\n<div class=\"[--thread-content-max-width:40rem] @w-lg\/main:[--thread-content-max-width:48rem] mx-auto max-w-(--thread-content-max-width) flex-1 group\/turn-messages focus-visible:outline-hidden relative flex w-full min-w-0 flex-col agent-turn\" tabindex=\"-1\">\n<div class=\"flex max-w-full flex-col grow\">\n<div class=\"min-h-8 text-message relative flex w-full flex-col items-end gap-2 text-start break-words whitespace-normal [.text-message+&amp;]:mt-1\" dir=\"auto\" data-message-author-role=\"assistant\" data-message-id=\"caff0b5c-9393-4565-8fac-0550ffca5fae\" data-message-model-slug=\"gpt-5-2\">\n<div class=\"flex w-full flex-col gap-1 empty:hidden first:pt-[1px]\">\n<div class=\"markdown prose dark:prose-invert w-full wrap-break-word dark markdown-new-styling\">\n<h2 data-start=\"0\" data-end=\"42\"><strong data-start=\"3\" data-end=\"42\">Brelok Dumbo, srebrny R73124.01<\/strong><\/h2>\n<p data-start=\"44\" data-end=\"494\">Brelok <strong data-start=\"51\" data-end=\"60\">Dumbo<\/strong> w eleganckim, srebrnym kolorze to efektowny i praktyczny dodatek do kluczy, plecaka czy torby. Wykonany z <strong data-start=\"167\" data-end=\"183\">metalu i PCV<\/strong>, \u0142\u0105czy solidn\u0105 konstrukcj\u0119 z estetycznym wygl\u0105dem, dzi\u0119ki czemu jest trwa\u0142y i wygodny w codziennym u\u017cytkowaniu. Uniwersalna forma i kolor breloka sprawiaj\u0105, \u017ce \u015bwietnie pasuje do r\u00f3\u017cnych styl\u00f3w i okazji, a mo\u017cliwo\u015b\u0107 personalizacji logo lub grafiki czyni go doskona\u0142ym <strong data-start=\"452\" data-end=\"491\">gad\u017cetem reklamowym lub upominkowym<\/strong>.<\/p>\n<h3 data-start=\"496\" data-end=\"532\"><strong data-start=\"500\" data-end=\"532\">Najwa\u017cniejsze cechy produktu<\/strong><\/h3>\n<ul>\n<li data-start=\"535\" data-end=\"592\">Brelok w kolorze <strong data-start=\"552\" data-end=\"564\">srebrnym<\/strong> \u2014 elegancki i uniwersalny<\/li>\n<li data-start=\"595\" data-end=\"655\">Materia\u0142y: <strong data-start=\"606\" data-end=\"621\">metal + PCV<\/strong> \u2014 trwa\u0142e i estetyczne wykonanie<\/li>\n<li data-start=\"658\" data-end=\"729\"><strong data-start=\"658\" data-end=\"683\">Karabi\u0144czyk\/mocowanie<\/strong> \u2014 \u0142atwe przypi\u0119cie do kluczy lub akcesori\u00f3w<\/li>\n<li data-start=\"732\" data-end=\"776\">Kompaktowe wymiary \u2014 por\u0119czny i praktyczny<\/li>\n<li data-start=\"779\" data-end=\"836\">Nowoczesny design \u2014 pasuje do kluczy, plecaka lub torby<\/li>\n<\/ul>\n<h3 data-start=\"838\" data-end=\"869\"><strong data-start=\"842\" data-end=\"869\">Dlaczego warto go mie\u0107?<\/strong><\/h3>\n<p data-start=\"870\" data-end=\"1276\">Brelok Dumbo to funkcjonalny gad\u017cet, kt\u00f3ry sprawdza si\u0119 w codziennym \u017cyciu jako stylowy dodatek do kluczy lub akcesori\u00f3w. Jego solidna konstrukcja i uniwersalny, srebrny kolor zapewniaj\u0105 trwa\u0142o\u015b\u0107 i elegancj\u0119 przez d\u0142ugi czas. Dzi\u0119ki mo\u017cliwo\u015bci znakowania brelok mo\u017ce sta\u0107 si\u0119 atrakcyjnym no\u015bnikiem logo lub grafiki Twojej marki \u2014 idealnym elementem prezent\u00f3w firmowych, event\u00f3w czy kampanii promocyjnych.<\/p>\n<h3 data-start=\"1278\" data-end=\"1309\"><strong data-start=\"1282\" data-end=\"1309\">Specyfikacja techniczna<\/strong><\/h3>\n<ul>\n<li data-start=\"1312\" data-end=\"1334\">Model: <strong data-start=\"1319\" data-end=\"1332\">R73124.01<\/strong><\/li>\n<li data-start=\"1337\" data-end=\"1364\">Materia\u0142y: <strong data-start=\"1348\" data-end=\"1362\">metal, PCV<\/strong><\/li>\n<li data-start=\"1367\" data-end=\"1398\">Kolor dominuj\u0105cy: <strong data-start=\"1385\" data-end=\"1396\">srebrny<\/strong><\/li>\n<li data-start=\"1401\" data-end=\"1443\">Typ mocowania: <strong data-start=\"1416\" data-end=\"1441\">karabi\u0144czyk\/mocowanie<\/strong><\/li>\n<li data-start=\"1446\" data-end=\"1502\">Wymiary: kompaktowe \u2014 wygodne w codziennym u\u017cytkowaniu<\/li>\n<li data-start=\"1505\" data-end=\"1549\">Opakowanie: standardowe (folia \/ woreczek)<\/li>\n<\/ul>\n<\/div>\n<\/div>\n<\/div>\n<\/div>\n<\/div>\n<\/div>\n","protected":false},"excerpt":{"rendered":"<p>Brelok Dumbo srebrny R73124.01 \u2014 praktyczny brelok z metalowo-PCV mocowaniem, idealny do kluczy, plecaka lub torby. Srebrny kolor i uniwersalny design sprawiaj\u0105, \u017ce brelok jest stylowy i funkcjonalny. Kompaktowa forma u\u0142atwia codzienne u\u017cytkowanie.<\/p>\n<p><strong>Produkt posiada karabi\u0144czyk do mocowania.<\/strong><\/p>\n<p><strong>Produkt nadaje si\u0119 do znakowania.<\/strong><\/p>\n","protected":false},"featured_media":38829,"comment_status":"open","ping_status":"closed","template":"","meta":[],"product_brand":[],"product_cat":[],"product_tag":[10911,10915,10903,600,10812,10919,8529,10916,10920,10917,10907,10918],"class_list":{"0":"post-38828","1":"product","2":"type-product","3":"status-publish","4":"has-post-thumbnail","6":"product_tag-brelok-do-kluczy-srebrny","7":"product_tag-brelok-dumbo-srebrny","8":"product_tag-brelok-metalowo-pcv","9":"product_tag-brelok-z-karabiczykiem","10":"product_tag-brelok-z-mozliwoscia-logo","11":"product_tag-codzienny-brelok-do-torby","12":"product_tag-gadzet-reklamowy-brelok","13":"product_tag-praktyczny-brelok-akcesoria","14":"product_tag-sku-r73124-01","15":"product_tag-stylowy-brelok-akcesoria","16":"product_tag-uniwersalny-brelok-do-kluczy","17":"product_tag-upominkowy-brelok-srebrny","19":"first","20":"outofstock","21":"shipping-taxable","22":"purchasable","23":"product-type-simple"},"_links":{"self":[{"href":"https:\/\/pargift.pl\/index.php\/wp-json\/wp\/v2\/product\/38828","targetHints":{"allow":["GET"]}}],"collection":[{"href":"https:\/\/pargift.pl\/index.php\/wp-json\/wp\/v2\/product"}],"about":[{"href":"https:\/\/pargift.pl\/index.php\/wp-json\/wp\/v2\/types\/product"}],"replies":[{"embeddable":true,"href":"https:\/\/pargift.pl\/index.php\/wp-json\/wp\/v2\/comments?post=38828"}],"version-history":[{"count":1,"href":"https:\/\/pargift.pl\/index.php\/wp-json\/wp\/v2\/product\/38828\/revisions"}],"predecessor-version":[{"id":39160,"href":"https:\/\/pargift.pl\/index.php\/wp-json\/wp\/v2\/product\/38828\/revisions\/39160"}],"wp:featuredmedia":[{"embeddable":true,"href":"https:\/\/pargift.pl\/index.php\/wp-json\/wp\/v2\/media\/38829"}],"wp:attachment":[{"href":"https:\/\/pargift.pl\/index.php\/wp-json\/wp\/v2\/media?parent=38828"}],"wp:term":[{"taxonomy":"product_brand","embeddable":true,"href":"https:\/\/pargift.pl\/index.php\/wp-json\/wp\/v2\/product_brand?post=38828"},{"taxonomy":"product_cat","embeddable":true,"href":"https:\/\/pargift.pl\/index.php\/wp-json\/wp\/v2\/product_cat?post=38828"},{"taxonomy":"product_tag","embeddable":true,"href":"https:\/\/pargift.pl\/index.php\/wp-json\/wp\/v2\/product_tag?post=38828"}],"curies":[{"name":"wp","href":"https:\/\/api.w.org\/{rel}","templated":true}]}}