{"id":37409,"date":"2025-12-09T17:12:46","date_gmt":"2025-12-09T17:12:46","guid":{"rendered":"https:\/\/pargift.pl\/index.php\/produkt\/brelok-z-karabinczykiem-lenard-czarny\/"},"modified":"2026-02-10T17:30:04","modified_gmt":"2026-02-10T17:30:04","slug":"brelok-z-karabinczykiem-lenard-czarny","status":"publish","type":"product","link":"https:\/\/pargift.pl\/index.php\/produkt\/brelok-z-karabinczykiem-lenard-czarny\/","title":{"rendered":"Brelok z karabi\u0144czykiem Lenard , czarny"},"content":{"rendered":"<h2 data-start=\"0\" data-end=\"91\"><strong data-start=\"4\" data-end=\"89\"><span class=\"entity-underline hover:entity-accent inline cursor-pointer align-baseline\"><span class=\"whitespace-normal\">Brelok z karabi\u0144czykiem Lenard \u2013 R73318.02<\/span><\/span> \u2013 elegancki brelok z karabi\u0144czykiem, czarny<\/strong><\/h2>\n<p data-start=\"92\" data-end=\"729\">Brelok z karabi\u0144czykiem Lenard R73318.02 to <strong data-start=\"136\" data-end=\"178\">stylowy i praktyczny dodatek do kluczy<\/strong>, \u0142\u0105cz\u0105cy trwa\u0142y <strong data-start=\"195\" data-end=\"204\">metal<\/strong> z eleganck\u0105 <strong data-start=\"217\" data-end=\"229\">ekosk\u00f3r\u0105<\/strong> w klasycznym <strong data-start=\"243\" data-end=\"254\">czarnym<\/strong> kolorze. Dzi\u0119ki wbudowanemu karabi\u0144czykowi brelok umo\u017cliwia wygodne przypi\u0119cie kluczy, identyfikator\u00f3w czy ma\u0142ych akcesori\u00f3w do paska, torby lub plecaka \u2014 stanowi zatem nie tylko funkcjonalny element codziennego u\u017cytku, ale r\u00f3wnie\u017c subtelny gad\u017cet reklamowy o wysokiej estetyce. Produkt pakowany jest w <strong data-start=\"558\" data-end=\"600\">czarne kartonowe opakowanie upominkowe<\/strong>, co sprawia, \u017ce \u015bwietnie nadaje si\u0119 na prezent lub element firmowego pakietu promocyjnego.<\/p>\n<h3 data-start=\"731\" data-end=\"768\"><strong data-start=\"736\" data-end=\"768\">Najwa\u017cniejsze cechy produktu<\/strong><\/h3>\n<ul>\n<li data-start=\"771\" data-end=\"860\">Funkcjonalny <strong data-start=\"784\" data-end=\"811\">brelok z karabi\u0144czykiem<\/strong> \u2013 \u0142atwe przypi\u0119cie kluczy i ma\u0142ych przedmiot\u00f3w<\/li>\n<li data-start=\"863\" data-end=\"968\">Po\u0142\u0105czenie <strong data-start=\"874\" data-end=\"898\">metalu i ekosk\u00f3ry PU<\/strong> \u2013 trwa\u0142o\u015b\u0107 i elegancki wygl\u0105d<\/li>\n<li data-start=\"971\" data-end=\"1055\">Kolor: <strong data-start=\"978\" data-end=\"988\">czarny<\/strong> \u2013 uniwersalny i estetyczny<\/li>\n<li data-start=\"1058\" data-end=\"1145\">Wymiary: <strong data-start=\"1067\" data-end=\"1085\">27 \u00d7 66 \u00d7 9 mm<\/strong> \u2013 kompaktowy format<\/li>\n<li data-start=\"1148\" data-end=\"1256\">Pakowany w <strong data-start=\"1159\" data-end=\"1196\">opakowanie upominkowe \/ kartonowe<\/strong> \u2013 gotowy jako prezent<\/li>\n<\/ul>\n<h3 data-start=\"1258\" data-end=\"1290\"><strong data-start=\"1263\" data-end=\"1290\">Dlaczego warto go mie\u0107?<\/strong><\/h3>\n<p data-start=\"1291\" data-end=\"1840\">Ten brelok to \u015bwietny gad\u017cet, kt\u00f3ry \u0142\u0105czy praktyczno\u015b\u0107 z elegancj\u0105 \u2013 idealny zar\u00f3wno do codziennego noszenia kluczy, jak i jako <strong data-start=\"1419\" data-end=\"1441\">upominek reklamowy<\/strong> dla klient\u00f3w czy partner\u00f3w biznesowych. Karabi\u0144czyk u\u0142atwia szybkie i wygodne przypi\u0119cie breloka do paska, torby czy worka, a czarny kolor z metalowymi detalami sprawia, \u017ce produkt wygl\u0105da stylowo i profesjonalnie. Dzi\u0119ki kompaktowym wymiarom oraz solidnemu wykonaniu b\u0119dzie przydatny w ka\u017cdej sytuacji, a g\u0142adkie powierzchnie \u0142atwo poddaj\u0105 si\u0119 personalizacji.<\/p>\n<h3 data-start=\"1842\" data-end=\"1874\"><strong data-start=\"1847\" data-end=\"1874\">Specyfikacja techniczna<\/strong><\/h3>\n<ul>\n<li data-start=\"1877\" data-end=\"1906\">Kod produktu: <strong data-start=\"1891\" data-end=\"1904\">R73318.02<\/strong><\/li>\n<li data-start=\"1909\" data-end=\"1957\">Nazwa: Brelok z karabi\u0144czykiem Lenard \u2013 czarny<\/li>\n<li data-start=\"1960\" data-end=\"2031\">Materia\u0142y: metal, ekosk\u00f3ra (PU)<\/li>\n<li data-start=\"2034\" data-end=\"2087\">Kolor: czarny<\/li>\n<li data-start=\"2090\" data-end=\"2176\">Wymiary (szer.\/wys.\/g\u0142.) [mm]: <strong data-start=\"2121\" data-end=\"2136\">27 \u00d7 66 \u00d7 9<\/strong><\/li>\n<li data-start=\"2179\" data-end=\"2253\">Opakowanie: kartonowe upominkowe<\/li>\n<li data-start=\"2256\" data-end=\"2348\">Przeznaczenie: brelok do kluczy \/ gad\u017cet reklamowy<\/li>\n<li data-start=\"2351\" data-end=\"2412\">Kod celny: 8308900090<\/li>\n<\/ul>\n","protected":false},"excerpt":{"rendered":"<p>Brelok z karabi\u0144czykiem Lenard R73318.02 to elegancki brelok w czarnym kolorze, wykonany z trwa\u0142ego metalu i ekosk\u00f3ry, idealny do organizowania kluczy oraz przypinania do paska lub torby. Kompaktowy rozmiar 27 \u00d7 66 \u00d7 9 mm i czarne kartonowe opakowanie upominkowe.<\/p>\n<p><strong>Wymiary: szer. 27 \u00d7 wys. 66 \u00d7 g\u0142. 9 mm.<\/strong><\/p>\n<p><strong>Produkt nadaje si\u0119 do znakowania.<\/strong><\/p>\n","protected":false},"featured_media":37410,"comment_status":"open","ping_status":"closed","template":"","meta":[],"product_brand":[],"product_cat":[],"product_tag":[9057,9060,9066,9056,9058,9055,9065,9063,9059,9064,9061,9062],"class_list":{"0":"post-37409","1":"product","2":"type-product","3":"status-publish","4":"has-post-thumbnail","6":"product_tag-akcesoria-do-kluczy-reklamowe","7":"product_tag-brelok-do-paska-kluczy","8":"product_tag-brelok-do-torby-i-paska-kluczy","9":"product_tag-brelok-karabinczyk-czarny","10":"product_tag-brelok-metalowy-ekoskora","11":"product_tag-brelok-z-karabinczykiem-lenard","12":"product_tag-brelok-z-karabinczykiem-promo","13":"product_tag-brelok-z-karabinczykiem-pu","14":"product_tag-gadzet-reklamowy-lenard","15":"product_tag-organizator-kluczy-czarny","16":"product_tag-prezent-upominkowy-brelok","17":"product_tag-sku-r73318-02","19":"first","20":"outofstock","21":"shipping-taxable","22":"purchasable","23":"product-type-simple"},"_links":{"self":[{"href":"https:\/\/pargift.pl\/index.php\/wp-json\/wp\/v2\/product\/37409","targetHints":{"allow":["GET"]}}],"collection":[{"href":"https:\/\/pargift.pl\/index.php\/wp-json\/wp\/v2\/product"}],"about":[{"href":"https:\/\/pargift.pl\/index.php\/wp-json\/wp\/v2\/types\/product"}],"replies":[{"embeddable":true,"href":"https:\/\/pargift.pl\/index.php\/wp-json\/wp\/v2\/comments?post=37409"}],"version-history":[{"count":1,"href":"https:\/\/pargift.pl\/index.php\/wp-json\/wp\/v2\/product\/37409\/revisions"}],"predecessor-version":[{"id":38087,"href":"https:\/\/pargift.pl\/index.php\/wp-json\/wp\/v2\/product\/37409\/revisions\/38087"}],"wp:featuredmedia":[{"embeddable":true,"href":"https:\/\/pargift.pl\/index.php\/wp-json\/wp\/v2\/media\/37410"}],"wp:attachment":[{"href":"https:\/\/pargift.pl\/index.php\/wp-json\/wp\/v2\/media?parent=37409"}],"wp:term":[{"taxonomy":"product_brand","embeddable":true,"href":"https:\/\/pargift.pl\/index.php\/wp-json\/wp\/v2\/product_brand?post=37409"},{"taxonomy":"product_cat","embeddable":true,"href":"https:\/\/pargift.pl\/index.php\/wp-json\/wp\/v2\/product_cat?post=37409"},{"taxonomy":"product_tag","embeddable":true,"href":"https:\/\/pargift.pl\/index.php\/wp-json\/wp\/v2\/product_tag?post=37409"}],"curies":[{"name":"wp","href":"https:\/\/api.w.org\/{rel}","templated":true}]}}