{"id":37372,"date":"2025-12-09T17:12:39","date_gmt":"2025-12-09T17:12:39","guid":{"rendered":"https:\/\/pargift.pl\/index.php\/produkt\/dlugopis-zelowy-carrot-pomaranczowy\/"},"modified":"2026-02-10T17:30:03","modified_gmt":"2026-02-10T17:30:03","slug":"dlugopis-zelowy-carrot-pomaranczowy","status":"publish","type":"product","link":"https:\/\/pargift.pl\/index.php\/produkt\/dlugopis-zelowy-carrot-pomaranczowy\/","title":{"rendered":"D\u0142ugopis \u017celowy Carrot, pomara\u0144czowy"},"content":{"rendered":"<h2 data-start=\"0\" data-end=\"104\"><strong data-start=\"4\" data-end=\"102\"><span class=\"entity-underline hover:entity-accent inline cursor-pointer align-baseline\"><span class=\"whitespace-normal\">D\u0142ugopis \u017celowy Carrot, pomara\u0144czowy<\/span><\/span> \u2013 pomara\u0144czowy gad\u017cet pi\u015bmienniczy z nietypowym designem<\/strong><\/h2>\n<p data-start=\"105\" data-end=\"727\">D\u0142ugopis \u017celowy <strong data-start=\"121\" data-end=\"141\">Carrot R73449.15<\/strong> to kreatywny artyku\u0142 pi\u015bmienniczy w <strong data-start=\"178\" data-end=\"203\">pomara\u0144czowym kolorze<\/strong>, zaprojektowany w kszta\u0142cie marchewki \u2014 kt\u00f3ry \u0142\u0105czy funkcjonalno\u015b\u0107 d\u0142ugopisu z atrakcyjnym i wyr\u00f3\u017cniaj\u0105cym si\u0119 wygl\u0105dem. Dzi\u0119ki <strong data-start=\"332\" data-end=\"366\">niebieskiemu wk\u0142adowi \u017celowemu<\/strong> zapewnia p\u0142ynne, wyra\u017ane pismo, a jego lekka konstrukcja z <strong data-start=\"426\" data-end=\"456\">elastycznego materia\u0142u TPR<\/strong> sprawia, \u017ce jest wygodny w codziennym u\u017cytkowaniu w biurze, szkole czy podczas event\u00f3w promocyjnych. Ten model idealnie sprawdza si\u0119 jako gad\u017cet reklamowy lub drobny upominek, kt\u00f3ry przyci\u0105ga uwag\u0119 nietypowym designem i kolorystyk\u0105.<\/p>\n<h3 data-start=\"729\" data-end=\"766\"><strong data-start=\"734\" data-end=\"766\">Najwa\u017cniejsze cechy produktu<\/strong><\/h3>\n<ul>\n<li data-start=\"769\" data-end=\"879\">\u017belowy d\u0142ugopis w kszta\u0142cie <strong data-start=\"797\" data-end=\"810\">marchewki<\/strong> \u2014 zabawny i kreatywny design<\/li>\n<li data-start=\"882\" data-end=\"1001\"><strong data-start=\"882\" data-end=\"906\">Pomara\u0144czowa obudowa<\/strong> \u2013 wyr\u00f3\u017cniaj\u0105cy si\u0119 kolor zwi\u0119kszaj\u0105cy ekspozycj\u0119 marki<\/li>\n<li data-start=\"1004\" data-end=\"1099\"><strong data-start=\"1004\" data-end=\"1023\">Wk\u0142ad niebieski<\/strong> \u2013 zapewnia czytelne i g\u0142adkie pismo<\/li>\n<li data-start=\"1102\" data-end=\"1223\">Materia\u0142: <strong data-start=\"1112\" data-end=\"1150\">TPR (termoplastyczna guma\/plastik)<\/strong> \u2013 lekki i odporny na uszkodzenia<\/li>\n<li data-start=\"1226\" data-end=\"1327\">Wymiary: <strong data-start=\"1235\" data-end=\"1255\">150 \u00d7 15 \u00d7 15 mm<\/strong> \u2013 standardowa d\u0142ugo\u015b\u0107 d\u0142ugopisu<\/li>\n<\/ul>\n<h3 data-start=\"1329\" data-end=\"1361\"><strong data-start=\"1334\" data-end=\"1361\">Dlaczego warto go mie\u0107?<\/strong><\/h3>\n<p data-start=\"1362\" data-end=\"1857\">Ten d\u0142ugopis to \u015bwietny wyb\u00f3r nie tylko do codziennego pisania, lecz tak\u017ce jako <strong data-start=\"1442\" data-end=\"1477\">gad\u017cet reklamowy lub promocyjny<\/strong>, kt\u00f3ry przyci\u0105ga wzrok dzi\u0119ki swojej oryginalnej formie i soczystemu, pomara\u0144czowemu kolorowi. Niezale\u017cnie od tego, czy s\u0142u\u017cy jako element firmowych materia\u0142\u00f3w promocyjnych, szkolny upominek czy dodatek do event\u00f3w, jego nietypowy wygl\u0105d sprawia, \u017ce z \u0142atwo\u015bci\u0105 wyr\u00f3\u017cnia si\u0119 spo\u015br\u00f3d standardowych artyku\u0142\u00f3w pi\u015bmienniczych i anga\u017cuje odbiorc\u0119.<\/p>\n<h3 data-start=\"1859\" data-end=\"1891\"><strong data-start=\"1864\" data-end=\"1891\">Specyfikacja techniczna<\/strong><\/h3>\n<ul>\n<li data-start=\"1894\" data-end=\"1961\">Kod produktu: <strong data-start=\"1908\" data-end=\"1921\">R73449.15<\/strong><\/li>\n<li data-start=\"1964\" data-end=\"2048\">Nazwa: D\u0142ugopis \u017celowy Carrot \u2013 pomara\u0144czowy<\/li>\n<li data-start=\"2051\" data-end=\"2128\">Materia\u0142: TPR (elastyczne tworzywo)<\/li>\n<li data-start=\"2131\" data-end=\"2200\">Kolor obudowy: pomara\u0144czowy<\/li>\n<li data-start=\"2203\" data-end=\"2270\">Wk\u0142ad: niebieski atrament<\/li>\n<li data-start=\"2273\" data-end=\"2363\">Wymiary (szer.\/wys.\/g\u0142.) [mm]: <strong data-start=\"2304\" data-end=\"2321\">150 \u00d7 15 \u00d7 15<\/strong><\/li>\n<li data-start=\"2366\" data-end=\"2434\">Opakowanie: woreczek\/folia<\/li>\n<li data-start=\"2437\" data-end=\"2504\">Kod celny: <strong data-start=\"2448\" data-end=\"2462\">9608109200<\/strong><\/li>\n<li data-start=\"2507\" data-end=\"2601\">Zastosowanie: artyku\u0142 pi\u015bmienniczy, gad\u017cet reklamowy<\/li>\n<\/ul>\n","protected":false},"excerpt":{"rendered":"<p>D\u0142ugopis \u017celowy Carrot R73449.15 w pomara\u0144czowym kolorze to zabawny artyku\u0142 pi\u015bmienniczy o wymiarach 150 \u00d7 15 \u00d7 15 mm, zaprojektowany w kszta\u0142cie marchewki z niebieskim wk\u0142adem gwarantuj\u0105cym czytelne pismo. Lekki i wygodny, idealny jako gad\u017cet promocyjny lub prezent.<\/p>\n<p><strong>Wymiary: szer. 150 \u00d7 wys. 15 \u00d7 g\u0142. 15 mm.<\/strong><\/p>\n<p><strong>Produkt nadaje si\u0119 do znakowania.<\/strong><\/p>\n","protected":false},"featured_media":37373,"comment_status":"open","ping_status":"closed","template":"","meta":[],"product_brand":[],"product_cat":[],"product_tag":[9070,9125,9122,9120,3356,9115,9118,9116,9124,9117,9123,9121,9119],"class_list":{"0":"post-37372","1":"product","2":"type-product","3":"status-publish","4":"has-post-thumbnail","6":"product_tag-artykuly-pismiennicze-reklamowe","7":"product_tag-design-marchewka-pen","8":"product_tag-dlugopis-pismienniczy-150mm","9":"product_tag-dlugopis-pismienniczy-carrot","10":"product_tag-dugopis-z-niebieskim-wkadem","11":"product_tag-dlugopis-zelowy-carrot-pomaranczowy","12":"product_tag-gadzet-promocyjny-pismienniczy","13":"product_tag-kreatywny-dlugopis-marchewka","14":"product_tag-pomaranczowy-dlugopis-firmowy","15":"product_tag-pomaranczowy-gel-pen","16":"product_tag-prezent-szkolny-pismienniczy","17":"product_tag-reklamowy-dlugopis-z-tpr","18":"product_tag-sku-r73449-15","20":"first","21":"instock","22":"shipping-taxable","23":"purchasable","24":"product-type-simple"},"_links":{"self":[{"href":"https:\/\/pargift.pl\/index.php\/wp-json\/wp\/v2\/product\/37372","targetHints":{"allow":["GET"]}}],"collection":[{"href":"https:\/\/pargift.pl\/index.php\/wp-json\/wp\/v2\/product"}],"about":[{"href":"https:\/\/pargift.pl\/index.php\/wp-json\/wp\/v2\/types\/product"}],"replies":[{"embeddable":true,"href":"https:\/\/pargift.pl\/index.php\/wp-json\/wp\/v2\/comments?post=37372"}],"version-history":[{"count":1,"href":"https:\/\/pargift.pl\/index.php\/wp-json\/wp\/v2\/product\/37372\/revisions"}],"predecessor-version":[{"id":38094,"href":"https:\/\/pargift.pl\/index.php\/wp-json\/wp\/v2\/product\/37372\/revisions\/38094"}],"wp:featuredmedia":[{"embeddable":true,"href":"https:\/\/pargift.pl\/index.php\/wp-json\/wp\/v2\/media\/37373"}],"wp:attachment":[{"href":"https:\/\/pargift.pl\/index.php\/wp-json\/wp\/v2\/media?parent=37372"}],"wp:term":[{"taxonomy":"product_brand","embeddable":true,"href":"https:\/\/pargift.pl\/index.php\/wp-json\/wp\/v2\/product_brand?post=37372"},{"taxonomy":"product_cat","embeddable":true,"href":"https:\/\/pargift.pl\/index.php\/wp-json\/wp\/v2\/product_cat?post=37372"},{"taxonomy":"product_tag","embeddable":true,"href":"https:\/\/pargift.pl\/index.php\/wp-json\/wp\/v2\/product_tag?post=37372"}],"curies":[{"name":"wp","href":"https:\/\/api.w.org\/{rel}","templated":true}]}}