{"id":37239,"date":"2025-12-09T17:12:11","date_gmt":"2025-12-09T17:12:11","guid":{"rendered":"https:\/\/pargift.pl\/index.php\/produkt\/pojemnik-prozniowy-460-ml-vajxo-czarny\/"},"modified":"2026-02-10T17:30:02","modified_gmt":"2026-02-10T17:30:02","slug":"pojemnik-prozniowy-460-ml-vajxo-czarny","status":"publish","type":"product","link":"https:\/\/pargift.pl\/index.php\/produkt\/pojemnik-prozniowy-460-ml-vajxo-czarny\/","title":{"rendered":"Pojemnik pr\u00f3\u017cniowy 460 ml Vajxo, czarny"},"content":{"rendered":"<h2 data-start=\"0\" data-end=\"80\"><strong data-start=\"4\" data-end=\"78\">Pojemnik pr\u00f3\u017cniowy 460 ml Vajxo \u2013 czarny R08461.02 \u2013 termos na posi\u0142ki<\/strong><\/h2>\n<p data-start=\"81\" data-end=\"575\">Pojemnik <strong data-start=\"90\" data-end=\"109\">Vajxo R08461.02<\/strong> to <strong data-start=\"113\" data-end=\"166\">pr\u00f3\u017cniowy pojemnik na \u017cywno\u015b\u0107 o pojemno\u015bci 460 ml<\/strong> w eleganckim <strong data-start=\"180\" data-end=\"199\">czarnym kolorze<\/strong>, zaprojektowany tak, by <strong data-start=\"224\" data-end=\"278\">utrzymywa\u0107 temperatur\u0119 posi\u0142k\u00f3w przez wiele godzin<\/strong> \u2014 idealny do pracy, szko\u0142y, na wyjazdy lub podczas aktywnego wypoczynku. Dzi\u0119ki <strong data-start=\"359\" data-end=\"407\">podw\u00f3jnym \u015bciankom ze stali nierdzewnej 18\/8<\/strong> skutecznie izoluje ciep\u0142o (oraz ch\u0142\u00f3d), a <strong data-start=\"450\" data-end=\"482\">praktyczna \u0142y\u017cka w komplecie<\/strong> pozwala od razu cieszy\u0107 si\u0119 posi\u0142kiem bez konieczno\u015bci korzystania z dodatkowych sztu\u0107c\u00f3w.<\/p>\n<h3 data-start=\"577\" data-end=\"614\"><strong data-start=\"582\" data-end=\"614\">Najwa\u017cniejsze cechy produktu<\/strong><\/h3>\n<ul>\n<li data-start=\"617\" data-end=\"696\"><strong data-start=\"617\" data-end=\"637\">Pojemno\u015b\u0107 460 ml<\/strong> \u2013 odpowiednia na obiad, zup\u0119, drugie \u015bniadanie czy lunch<\/li>\n<li data-start=\"699\" data-end=\"799\"><strong data-start=\"699\" data-end=\"745\">Podw\u00f3jne \u015bcianki ze stali nierdzewnej 18\/8<\/strong> \u2013 trwa\u0142a konstrukcja i skuteczna izolacja termiczna<\/li>\n<li data-start=\"802\" data-end=\"897\">Utrzymuje temperatur\u0119 powy\u017cej <strong data-start=\"832\" data-end=\"860\">40 \u00b0C nawet do 15 godzin<\/strong> \u2013 d\u0142ugo utrzymuje ciep\u0142o lub ch\u0142\u00f3d<\/li>\n<li data-start=\"900\" data-end=\"956\"><strong data-start=\"900\" data-end=\"920\">W zestawie \u0142y\u017cka<\/strong> \u2013 praktyczne rozwi\u0105zanie na wynos<\/li>\n<li data-start=\"959\" data-end=\"1009\"><strong data-start=\"959\" data-end=\"975\">Czarny kolor<\/strong> \u2013 elegancki, uniwersalny design<\/li>\n<li data-start=\"1012\" data-end=\"1087\">Materia\u0142y dodatkowe: <strong data-start=\"1033\" data-end=\"1044\">silikon<\/strong> \u2013 dla szczelno\u015bci i komfortu u\u017cytkowania<\/li>\n<li data-start=\"1090\" data-end=\"1165\"><strong data-start=\"1090\" data-end=\"1113\">Kompaktowe wymiary:<\/strong> ok. <strong data-start=\"1118\" data-end=\"1139\">100 \u00d7 85 \u00d7 145 mm<\/strong> \u2013 \u0142atwy do przenoszenia<\/li>\n<\/ul>\n<h3 data-start=\"1167\" data-end=\"1199\"><strong data-start=\"1172\" data-end=\"1199\">Dlaczego warto go mie\u0107?<\/strong><\/h3>\n<p data-start=\"1200\" data-end=\"1776\">Ten pojemnik pr\u00f3\u017cniowy to <strong data-start=\"1226\" data-end=\"1317\">praktyczny spos\u00f3b na zabranie ciep\u0142ego lub ch\u0142odnego posi\u0142ku tam, gdzie go potrzebujesz<\/strong> \u2014 do pracy, szko\u0142y, na wycieczk\u0119 lub si\u0142owni\u0119. Dzi\u0119ki wysokiej jako\u015bci stali nierdzewnej i w\u0142a\u015bciwo\u015bciom izolacyjnym Twoje jedzenie pozostaje w odpowiedniej temperaturze przez wiele godzin, a kompaktowa forma u\u0142atwia przenoszenie. Czarny design dodaje mu nowoczesnego charakteru, a mo\u017cliwo\u015b\u0107 <strong data-start=\"1610\" data-end=\"1645\">personalizacji logo lub grafiki<\/strong> sprawia, \u017ce produkt doskonale sprawdza si\u0119 jako <strong data-start=\"1694\" data-end=\"1714\">gad\u017cet reklamowy<\/strong> promuj\u0105cy zdrowy styl \u017cycia lub codzienne przerwy obiadowe.<\/p>\n","protected":false},"excerpt":{"rendered":"<p>Pojemnik pr\u00f3\u017cniowy 460 ml Vajxo R08461.02 w czarnym kolorze to termiczny pojemnik ze stali nierdzewnej 18\/8 z podw\u00f3jnymi \u015bciankami, kt\u00f3ry utrzymuje temperatur\u0119 posi\u0142k\u00f3w powy\u017cej 40 \u00b0C do ok. 15 godzin, i jest wyposa\u017cony w praktyczn\u0105 \u0142y\u017ck\u0119 \u2014 idealny do lunch\u00f3w w pracy, szkole i podr\u00f3\u017cy.<\/p>\n<p><strong>Wymiary: ok. 100 \u00d7 85 \u00d7 145 mm.<\/strong><\/p>\n<p><strong>Produkt nadaje si\u0119 do znakowania.<\/strong><\/p>\n","protected":false},"featured_media":37240,"comment_status":"open","ping_status":"closed","template":"","meta":[],"product_brand":[],"product_cat":[],"product_tag":[9373,9386,9383,9374,9369,9388,9381,9382,9380,9387,9384,9385,9370],"class_list":{"0":"post-37239","1":"product","2":"type-product","3":"status-publish","4":"has-post-thumbnail","6":"product_tag-gadzet-reklamowy-termos","7":"product_tag-izolowany-pojemnik-lunchowy","8":"product_tag-lunch-termo-460-ml-czarny","9":"product_tag-pojemnik-na-zupe-z-lyzka","10":"product_tag-pojemnik-prozniowy-460-ml","11":"product_tag-pojemnik-prozniowy-do-szkoly-i-biura","12":"product_tag-pojemnik-prozniowy-vajxo-czarny","13":"product_tag-pojemnik-termiczny-stal-nierdzewna","14":"product_tag-praktyczny-gadzet-do-pracy","15":"product_tag-przenosny-termo-lunch-box","16":"product_tag-r08461-02-pojemnik-prozniowy","17":"product_tag-termiczny-pojemnik-na-jedzenie","18":"product_tag-termos-na-lunch-vajxo","20":"first","21":"instock","22":"shipping-taxable","23":"purchasable","24":"product-type-simple"},"_links":{"self":[{"href":"https:\/\/pargift.pl\/index.php\/wp-json\/wp\/v2\/product\/37239","targetHints":{"allow":["GET"]}}],"collection":[{"href":"https:\/\/pargift.pl\/index.php\/wp-json\/wp\/v2\/product"}],"about":[{"href":"https:\/\/pargift.pl\/index.php\/wp-json\/wp\/v2\/types\/product"}],"replies":[{"embeddable":true,"href":"https:\/\/pargift.pl\/index.php\/wp-json\/wp\/v2\/comments?post=37239"}],"version-history":[{"count":2,"href":"https:\/\/pargift.pl\/index.php\/wp-json\/wp\/v2\/product\/37239\/revisions"}],"predecessor-version":[{"id":38859,"href":"https:\/\/pargift.pl\/index.php\/wp-json\/wp\/v2\/product\/37239\/revisions\/38859"}],"wp:featuredmedia":[{"embeddable":true,"href":"https:\/\/pargift.pl\/index.php\/wp-json\/wp\/v2\/media\/37240"}],"wp:attachment":[{"href":"https:\/\/pargift.pl\/index.php\/wp-json\/wp\/v2\/media?parent=37239"}],"wp:term":[{"taxonomy":"product_brand","embeddable":true,"href":"https:\/\/pargift.pl\/index.php\/wp-json\/wp\/v2\/product_brand?post=37239"},{"taxonomy":"product_cat","embeddable":true,"href":"https:\/\/pargift.pl\/index.php\/wp-json\/wp\/v2\/product_cat?post=37239"},{"taxonomy":"product_tag","embeddable":true,"href":"https:\/\/pargift.pl\/index.php\/wp-json\/wp\/v2\/product_tag?post=37239"}],"curies":[{"name":"wp","href":"https:\/\/api.w.org\/{rel}","templated":true}]}}