{"id":37185,"date":"2025-12-09T17:12:01","date_gmt":"2025-12-09T17:12:01","guid":{"rendered":"https:\/\/pargift.pl\/index.php\/produkt\/zawieszki-swiateczne-twiggy-bezowy\/"},"modified":"2026-01-04T21:38:51","modified_gmt":"2026-01-04T21:38:51","slug":"zawieszki-swiateczne-twiggy-bezowy","status":"publish","type":"product","link":"https:\/\/pargift.pl\/index.php\/produkt\/zawieszki-swiateczne-twiggy-bezowy\/","title":{"rendered":"Zawieszki \u015bwi\u0105teczne Twiggy, be\u017cowy"},"content":{"rendered":"<p>Zestaw \u015bwi\u0105tecznych zawieszek wykonanych z drewna. W zestawie znajduj\u0105 si\u0119 4 r\u00f3\u017cne wzory oraz kredki \u015bwiecowe, kt\u00f3rymi mo\u017cna pokolorowa\u0107 zawieszki. Artyku\u0142 sezonowy (nie podlega zwrotowi).<\/p>\n","protected":false},"excerpt":{"rendered":"<p>Zestaw \u015bwi\u0105tecznych zawieszek wykonanych z drewna. W zestawie znajduj\u0105 si\u0119 4 r\u00f3\u017cne wzory oraz kredki \u015bwiecowe, kt\u00f3rymi mo\u017cna pokolorowa\u0107 zawieszki.<\/p>\n","protected":false},"featured_media":37186,"comment_status":"open","ping_status":"closed","template":"","meta":[],"product_brand":[],"product_cat":[],"product_tag":[97],"class_list":{"0":"post-37185","1":"product","2":"type-product","3":"status-publish","4":"has-post-thumbnail","6":"product_tag-artykuly-swiateczne","8":"first","9":"outofstock","10":"shipping-taxable","11":"purchasable","12":"product-type-simple"},"_links":{"self":[{"href":"https:\/\/pargift.pl\/index.php\/wp-json\/wp\/v2\/product\/37185","targetHints":{"allow":["GET"]}}],"collection":[{"href":"https:\/\/pargift.pl\/index.php\/wp-json\/wp\/v2\/product"}],"about":[{"href":"https:\/\/pargift.pl\/index.php\/wp-json\/wp\/v2\/types\/product"}],"replies":[{"embeddable":true,"href":"https:\/\/pargift.pl\/index.php\/wp-json\/wp\/v2\/comments?post=37185"}],"version-history":[{"count":0,"href":"https:\/\/pargift.pl\/index.php\/wp-json\/wp\/v2\/product\/37185\/revisions"}],"wp:featuredmedia":[{"embeddable":true,"href":"https:\/\/pargift.pl\/index.php\/wp-json\/wp\/v2\/media\/37186"}],"wp:attachment":[{"href":"https:\/\/pargift.pl\/index.php\/wp-json\/wp\/v2\/media?parent=37185"}],"wp:term":[{"taxonomy":"product_brand","embeddable":true,"href":"https:\/\/pargift.pl\/index.php\/wp-json\/wp\/v2\/product_brand?post=37185"},{"taxonomy":"product_cat","embeddable":true,"href":"https:\/\/pargift.pl\/index.php\/wp-json\/wp\/v2\/product_cat?post=37185"},{"taxonomy":"product_tag","embeddable":true,"href":"https:\/\/pargift.pl\/index.php\/wp-json\/wp\/v2\/product_tag?post=37185"}],"curies":[{"name":"wp","href":"https:\/\/api.w.org\/{rel}","templated":true}]}}