{"id":37151,"date":"2025-12-09T17:11:55","date_gmt":"2025-12-09T17:11:55","guid":{"rendered":"https:\/\/pargift.pl\/index.php\/produkt\/duze-skladane-pudelko-prezentowe-chelsea-bialy\/"},"modified":"2026-02-10T17:30:02","modified_gmt":"2026-02-10T17:30:02","slug":"duze-skladane-pudelko-prezentowe-chelsea-bialy","status":"publish","type":"product","link":"https:\/\/pargift.pl\/index.php\/produkt\/duze-skladane-pudelko-prezentowe-chelsea-bialy\/","title":{"rendered":"Du\u017ce sk\u0142adane pude\u0142ko prezentowe Chelsea, bia\u0142y"},"content":{"rendered":"<h2 data-start=\"0\" data-end=\"100\"><strong data-start=\"3\" data-end=\"100\">Du\u017ce sk\u0142adane pude\u0142ko prezentowe Chelsea \u2013 bia\u0142y R22902.06 \u2013 eleganckie opakowanie upominkowe<\/strong><\/h2>\n<p data-start=\"102\" data-end=\"636\">Du\u017ce sk\u0142adane pude\u0142ko prezentowe <strong data-start=\"135\" data-end=\"156\">Chelsea R22902.06<\/strong> to <strong data-start=\"160\" data-end=\"209\">estetyczne i wytrzyma\u0142e opakowanie upominkowe<\/strong> w klasycznym <strong data-start=\"223\" data-end=\"241\">bia\u0142ym kolorze<\/strong>, kt\u00f3re doskonale sprawdza si\u0119 przy pakowaniu prezent\u00f3w, zestaw\u00f3w promocyjnych czy ekskluzywnych upomink\u00f3w biznesowych. Pude\u0142ko wykonane jest z <strong data-start=\"385\" data-end=\"426\">sztywnej tektury o grubo\u015bci 1200 g\/m\u00b2<\/strong>, co zapewnia <strong data-start=\"440\" data-end=\"464\">solidno\u015b\u0107 i trwa\u0142o\u015b\u0107<\/strong>, a <strong data-start=\"468\" data-end=\"494\">magnetyczne zamkni\u0119cie<\/strong> gwarantuje eleganckie i wygodne otwieranie oraz zamykanie bez u\u017cycia dodatkowych element\u00f3w monta\u017cowych.<\/p>\n<p data-start=\"638\" data-end=\"1052\">Du\u017ca powierzchnia pude\u0142ka i jego uniwersalny, bia\u0142y kolor sprawiaj\u0105, \u017ce \u015bwietnie nadaje si\u0119 do pakowania r\u00f3\u017cnorodnych produkt\u00f3w \u2014 od produkt\u00f3w luksusowych, przez zestawy \u015bwi\u0105teczne, po prezenty firmowe. Dzi\u0119ki sk\u0142adanej konstrukcji pude\u0142ko jest tak\u017ce <strong data-start=\"889\" data-end=\"934\">praktyczne w przechowywaniu i transporcie<\/strong> przed u\u017cyciem, co u\u0142atwia jego logistyk\u0119 i wykorzystanie w wi\u0119kszych ilo\u015bciach.<\/p>\n<h3 data-start=\"1054\" data-end=\"1090\"><strong data-start=\"1058\" data-end=\"1090\">Najwa\u017cniejsze cechy produktu<\/strong><\/h3>\n<ul>\n<li data-start=\"1093\" data-end=\"1170\"><strong data-start=\"1093\" data-end=\"1123\">Du\u017ce opakowanie prezentowe<\/strong> z magnetycznym zamkni\u0119ciem \u2014 elegancka forma<\/li>\n<li data-start=\"1173\" data-end=\"1246\">Wykonane z <strong data-start=\"1184\" data-end=\"1225\">sztywnej tektury o grubo\u015bci 1200 g\/m\u00b2<\/strong> \u2014 trwa\u0142e i solidne<\/li>\n<li data-start=\"1249\" data-end=\"1294\"><strong data-start=\"1249\" data-end=\"1265\">Kolor: bia\u0142y<\/strong> \u2014 uniwersalny i estetyczny<\/li>\n<li data-start=\"1297\" data-end=\"1355\"><strong data-start=\"1297\" data-end=\"1321\">Sk\u0142adana konstrukcja<\/strong> \u2014 \u0142atwe rozk\u0142adanie i sk\u0142adanie<\/li>\n<li data-start=\"1358\" data-end=\"1434\">Du\u017ca powierzchnia \u2014 mo\u017cliwo\u015b\u0107 aran\u017cacji r\u00f3\u017cnorodnych zestaw\u00f3w prezentowych<\/li>\n<li data-start=\"1437\" data-end=\"1547\"><strong data-start=\"1437\" data-end=\"1449\">Wymiary:<\/strong> 350 \u00d7 210 \u00d7 115 mm \u2014 pojemne wn\u0119trze na prezenty i upominki<\/li>\n<\/ul>\n<h3 data-start=\"1549\" data-end=\"1580\"><strong data-start=\"1553\" data-end=\"1580\">Dlaczego warto je mie\u0107?<\/strong><\/h3>\n<p data-start=\"1581\" data-end=\"2087\">Pude\u0142ko prezentowe Chelsea to \u015bwietne rozwi\u0105zanie dla firm i os\u00f3b, kt\u00f3re chc\u0105 podkre\u015bli\u0107 <strong data-start=\"1670\" data-end=\"1718\">elegancj\u0119 i warto\u015b\u0107 prezentowanych produkt\u00f3w<\/strong> \u2014 zar\u00f3wno przy okazji \u015bwi\u0105t, jubileuszy, jak i event\u00f3w biznesowych. Uniwersalny bia\u0142y kolor oraz solidna konstrukcja sprawiaj\u0105, \u017ce pude\u0142ko wygl\u0105da profesjonalnie, a magnetyczne zamkni\u0119cie dodaje mu presti\u017cu. Sk\u0142adana forma u\u0142atwia przechowywanie i transport, co jest szczeg\u00f3lnie istotne przy wykorzystaniu wi\u0119kszej liczby pude\u0142ek.<\/p>\n<h3 data-start=\"2089\" data-end=\"2120\"><strong data-start=\"2093\" data-end=\"2120\">Specyfikacja techniczna<\/strong><\/h3>\n<ul>\n<li data-start=\"2123\" data-end=\"2152\">Kod produktu: <strong data-start=\"2137\" data-end=\"2150\">R22902.06<\/strong><\/li>\n<li data-start=\"2155\" data-end=\"2212\">Nazwa: Du\u017ce sk\u0142adane pude\u0142ko prezentowe Chelsea \u2013 bia\u0142y<\/li>\n<li data-start=\"2215\" data-end=\"2272\">Materia\u0142: <strong data-start=\"2225\" data-end=\"2270\">tektura 1200 g\/m\u00b2, papier ozdobny, magnes<\/strong><\/li>\n<li data-start=\"2275\" data-end=\"2289\">Kolor: bia\u0142y<\/li>\n<li data-start=\"2292\" data-end=\"2321\">Zamkni\u0119cie: <strong data-start=\"2304\" data-end=\"2319\">magnetyczne<\/strong><\/li>\n<li data-start=\"2324\" data-end=\"2380\">Wymiary (szer. \u00d7 wys. \u00d7 g\u0142.) [mm]: <strong data-start=\"2359\" data-end=\"2378\">350 \u00d7 210 \u00d7 115<\/strong><\/li>\n<li data-start=\"2383\" data-end=\"2461\">Opakowanie jednostkowe: woreczek\/folia<\/li>\n<li data-start=\"2464\" data-end=\"2487\">Kod celny: 4819200000<\/li>\n<\/ul>\n","protected":false},"excerpt":{"rendered":"<p>Sztywne, wytrzyma\u0142e, sk\u0142adane pude\u0142ko prezentowe, zamykane na magnesy. Grubo\u015b\u0107 tektury 1200 g\/m2.<\/p>\n<p><strong>Pude\u0142ko Chelsea to po\u0142\u0105czenie elegancji i trwa\u0142ego designu o wymiarach 400 x 300 x 110 mm.<\/strong><\/p>\n<p><strong>Produkt nadaje si\u0119 do znakowania.<\/strong><\/p>\n","protected":false},"featured_media":37152,"comment_status":"open","ping_status":"closed","template":"","meta":[],"product_brand":[],"product_cat":[8366],"product_tag":[9560,9568,9556,9558,9565,9563,9561,9562,9564,9559,9557,9567,9566],"class_list":{"0":"post-37151","1":"product","2":"type-product","3":"status-publish","4":"has-post-thumbnail","6":"product_cat-pudelka-prezentowe","7":"product_tag-bialy-box-prezentowy","8":"product_tag-box-prezentowy-z-logotypem","9":"product_tag-duze-pudelko-prezentowe-chelsea-bialy","10":"product_tag-eleganckie-opakowanie-prezentowe","11":"product_tag-gadzet-reklamowy-prezent-box","12":"product_tag-opakowanie-firmowe-prezentowe","13":"product_tag-pojemne-pudelko-prezentowe","14":"product_tag-prezentowe-opakowanie-premium","15":"product_tag-pudelko-do-gift-setow","16":"product_tag-pudelko-z-magnetycznym-zamknieciem","17":"product_tag-skladane-pudelko-upominkowe-r22902-06","18":"product_tag-tekturowe-pudelko-prezentowe","19":"product_tag-uniwersalne-pudelko-na-prezenty","21":"first","22":"instock","23":"shipping-taxable","24":"purchasable","25":"product-type-simple"},"_links":{"self":[{"href":"https:\/\/pargift.pl\/index.php\/wp-json\/wp\/v2\/product\/37151","targetHints":{"allow":["GET"]}}],"collection":[{"href":"https:\/\/pargift.pl\/index.php\/wp-json\/wp\/v2\/product"}],"about":[{"href":"https:\/\/pargift.pl\/index.php\/wp-json\/wp\/v2\/types\/product"}],"replies":[{"embeddable":true,"href":"https:\/\/pargift.pl\/index.php\/wp-json\/wp\/v2\/comments?post=37151"}],"version-history":[{"count":2,"href":"https:\/\/pargift.pl\/index.php\/wp-json\/wp\/v2\/product\/37151\/revisions"}],"predecessor-version":[{"id":38887,"href":"https:\/\/pargift.pl\/index.php\/wp-json\/wp\/v2\/product\/37151\/revisions\/38887"}],"wp:featuredmedia":[{"embeddable":true,"href":"https:\/\/pargift.pl\/index.php\/wp-json\/wp\/v2\/media\/37152"}],"wp:attachment":[{"href":"https:\/\/pargift.pl\/index.php\/wp-json\/wp\/v2\/media?parent=37151"}],"wp:term":[{"taxonomy":"product_brand","embeddable":true,"href":"https:\/\/pargift.pl\/index.php\/wp-json\/wp\/v2\/product_brand?post=37151"},{"taxonomy":"product_cat","embeddable":true,"href":"https:\/\/pargift.pl\/index.php\/wp-json\/wp\/v2\/product_cat?post=37151"},{"taxonomy":"product_tag","embeddable":true,"href":"https:\/\/pargift.pl\/index.php\/wp-json\/wp\/v2\/product_tag?post=37151"}],"curies":[{"name":"wp","href":"https:\/\/api.w.org\/{rel}","templated":true}]}}