{"id":36843,"date":"2025-12-09T17:10:53","date_gmt":"2025-12-09T17:10:53","guid":{"rendered":"https:\/\/pargift.pl\/index.php\/produkt\/zestaw-narzedzi-ansbar-czarny\/"},"modified":"2026-02-10T17:29:59","modified_gmt":"2026-02-10T17:29:59","slug":"zestaw-narzedzi-ansbar-czarny","status":"publish","type":"product","link":"https:\/\/pargift.pl\/index.php\/produkt\/zestaw-narzedzi-ansbar-czarny\/","title":{"rendered":"Zestaw narz\u0119dzi Ansbar, czarny"},"content":{"rendered":"<h2 data-start=\"0\" data-end=\"81\"><strong data-start=\"3\" data-end=\"81\">Zestaw narz\u0119dzi Ansbar \u2013 czarny R17721.02 \u2013 uniwersalny zestaw narz\u0119dziowy<\/strong><\/h2>\n<p data-start=\"83\" data-end=\"594\">Zestaw narz\u0119dzi <strong data-start=\"99\" data-end=\"119\">Ansbar R17721.02<\/strong> to <strong data-start=\"123\" data-end=\"163\">funkcjonalny, czarny zestaw narz\u0119dzi<\/strong> \u0142\u0105cz\u0105cy najcz\u0119\u015bciej u\u017cywane elementy, kt\u00f3re sprawdz\u0105 si\u0119 przy <strong data-start=\"226\" data-end=\"283\">drobnych naprawach, pracach domowych i majsterkowaniu<\/strong>. Kompaktowa konstrukcja oraz <strong data-start=\"313\" data-end=\"337\">ergonomiczne uchwyty<\/strong> narz\u0119dzi sprawiaj\u0105, \u017ce zestaw jest wygodny w u\u017cyciu zar\u00f3wno dla amatora, jak i do\u015bwiadczonego u\u017cytkownika. Dzi\u0119ki temu zestaw mo\u017ce by\u0107 stosowany w domu, warsztacie, gara\u017cu czy podczas podr\u00f3\u017cy \u2014 zawsze wtedy, gdy potrzebujesz podstawowych narz\u0119dzi pod r\u0119k\u0105.<\/p>\n<p data-start=\"596\" data-end=\"827\">Zestaw Ansbar to tak\u017ce \u015bwietna propozycja jako <strong data-start=\"643\" data-end=\"663\">gad\u017cet reklamowy<\/strong> lub <strong data-start=\"668\" data-end=\"688\">upominek firmowy<\/strong>, kt\u00f3ry dzi\u0119ki mo\u017cliwo\u015bci <strong data-start=\"714\" data-end=\"756\">personalizacji logotypem lub nadrukiem<\/strong> mo\u017ce zosta\u0107 przekazany klientom, partnerom biznesowym lub pracownikom.<\/p>\n<h3 data-start=\"829\" data-end=\"865\"><strong data-start=\"833\" data-end=\"865\">Najwa\u017cniejsze cechy produktu<\/strong><\/h3>\n<ul>\n<li data-start=\"868\" data-end=\"939\"><strong data-start=\"868\" data-end=\"900\">Zestaw podstawowych narz\u0119dzi<\/strong> \u2013 do drobnych napraw i prac domowych<\/li>\n<li data-start=\"942\" data-end=\"994\"><strong data-start=\"942\" data-end=\"959\">Kolor: czarny<\/strong> \u2013 elegancki i uniwersalny wygl\u0105d<\/li>\n<li data-start=\"997\" data-end=\"1061\">Narz\u0119dzia o ergonomicznym kszta\u0142cie \u2013 komfort i precyzja pracy<\/li>\n<li data-start=\"1064\" data-end=\"1129\"><strong data-start=\"1064\" data-end=\"1105\">Materia\u0142y trwa\u0142e i odporne na zu\u017cycie<\/strong> \u2013 solidna konstrukcja<\/li>\n<li data-start=\"1132\" data-end=\"1187\">Kompaktowy rozmiar \u2013 \u0142atwy transport i przechowywanie<\/li>\n<\/ul>\n<h3 data-start=\"1189\" data-end=\"1220\"><strong data-start=\"1193\" data-end=\"1220\">Dlaczego warto go mie\u0107?<\/strong><\/h3>\n<p data-start=\"1221\" data-end=\"1706\">Zestaw narz\u0119dzi Ansbar to praktyczne rozwi\u0105zanie dla ka\u017cdego domu, warsztatu czy biura \u2014 niezale\u017cnie od tego, czy chcesz szybko przykr\u0119ci\u0107, dokr\u0119ci\u0107 czy wyregulowa\u0107 elementy wyposa\u017cenia. Uniwersalny komplet narz\u0119dzi znacznie u\u0142atwia radzenie sobie z codziennymi wyzwaniami technicznymi, a jego solidne wykonanie gwarantuje trwa\u0142o\u015b\u0107 i d\u0142ug\u0105 \u017cywotno\u015b\u0107. Dzi\u0119ki mo\u017cliwo\u015bci <strong data-start=\"1590\" data-end=\"1634\">zamieszczenia nadruku firmowego lub logo<\/strong> zestaw \u015bwietnie sprawdzi si\u0119 te\u017c jako <strong data-start=\"1673\" data-end=\"1705\">gad\u017cet reklamowy lub prezent<\/strong>.<\/p>\n<h3 data-start=\"1708\" data-end=\"1739\"><strong data-start=\"1712\" data-end=\"1739\">Specyfikacja techniczna<\/strong><\/h3>\n<ul>\n<li data-start=\"1742\" data-end=\"1771\">Kod produktu: <strong data-start=\"1756\" data-end=\"1769\">R17721.02<\/strong><\/li>\n<li data-start=\"1774\" data-end=\"1814\">Nazwa: Zestaw narz\u0119dzi Ansbar \u2013 czarny<\/li>\n<li data-start=\"1817\" data-end=\"1919\">Zawarto\u015b\u0107: narz\u0119dzia podstawowe (np. \u015brubokr\u0119ty, klucze, itp. \u2013 szczeg\u00f3\u0142y zale\u017cne od wersji zestawu)<\/li>\n<li data-start=\"1922\" data-end=\"1937\">Kolor: czarny<\/li>\n<li data-start=\"1940\" data-end=\"1968\">Materia\u0142y: stal i tworzywo<\/li>\n<li data-start=\"1971\" data-end=\"2010\">Opakowanie: zestaw \/ etui \/ organizer<\/li>\n<li data-start=\"2013\" data-end=\"2076\">Zastosowanie: narz\u0119dzia domowe, warsztatowe, gad\u017cet reklamowy<\/li>\n<\/ul>\n","protected":false},"excerpt":{"rendered":"<p>Zestaw narz\u0119dzi w etui zapinanym na zamek. Zestaw sk\u0142ada si\u0119 z: m\u0142otka, poziomicy, no\u017cyka introligatorskiego, zwijanej 3,5m miarki wyposa\u017conej w mechanizm blokuj\u0105cy (Podzia\u0142ka w centymetrach i calach) oraz szczypiec d\u0142ugich, szczypiec z przegubem \u015blizgowym. W zestawie znajduje si\u0119 tak\u017ce uchwyt z przed\u0142u\u017caczem do 6 bit\u00f3w: 2 \u015brubokr\u0119ty krzy\u017cakowe, 2 \u015brubokr\u0119ty p\u0142askie, 2 imbusy. Uchwyt posiada mo\u017cliwo\u015b\u0107 ustawienia pod kontem co u\u0142atwia prac\u0119 w trudno dost\u0119pnych miejscach.<\/p>\n<p><strong>Zestaw narz\u0119dzi Ansbar to po\u0142\u0105czenie funkcjonalno\u015bci i trwa\u0142ego designu o wymiarach 140 x 85 x 25 mm.<\/strong><\/p>\n<p><strong>Produkt nadaje si\u0119 do znakowania.<\/strong><\/p>\n","protected":false},"featured_media":36844,"comment_status":"open","ping_status":"closed","template":"","meta":[],"product_brand":[],"product_cat":[],"product_tag":[10050,9174,10046,10051,10045,10049,1657,10047,8699,10043,10048,10042,10044],"class_list":{"0":"post-36843","1":"product","2":"type-product","3":"status-publish","4":"has-post-thumbnail","6":"product_tag-ergonomiczne-narzedzia-czarne","7":"product_tag-gadzet-reklamowy-narzedzia","8":"product_tag-komplet-narzedzi-w-etui","9":"product_tag-narzedzia-do-codziennej-pracy","10":"product_tag-narzedzia-do-drobnych-napraw","11":"product_tag-narzedzia-do-garazu-i-domu","12":"product_tag-narzdzia-warsztatowe","13":"product_tag-narzedzia-z-logotypem-firmy","14":"product_tag-praktyczny-zestaw-narzedzi","15":"product_tag-r17721-02-narzedzia","16":"product_tag-uniwersalny-zestaw-narzedzi","17":"product_tag-zestaw-narzedzi-ansbar-czarny","18":"product_tag-zestaw-narzedzi-domowych","20":"first","21":"instock","22":"shipping-taxable","23":"purchasable","24":"product-type-simple"},"_links":{"self":[{"href":"https:\/\/pargift.pl\/index.php\/wp-json\/wp\/v2\/product\/36843","targetHints":{"allow":["GET"]}}],"collection":[{"href":"https:\/\/pargift.pl\/index.php\/wp-json\/wp\/v2\/product"}],"about":[{"href":"https:\/\/pargift.pl\/index.php\/wp-json\/wp\/v2\/types\/product"}],"replies":[{"embeddable":true,"href":"https:\/\/pargift.pl\/index.php\/wp-json\/wp\/v2\/comments?post=36843"}],"version-history":[{"count":2,"href":"https:\/\/pargift.pl\/index.php\/wp-json\/wp\/v2\/product\/36843\/revisions"}],"predecessor-version":[{"id":38994,"href":"https:\/\/pargift.pl\/index.php\/wp-json\/wp\/v2\/product\/36843\/revisions\/38994"}],"wp:featuredmedia":[{"embeddable":true,"href":"https:\/\/pargift.pl\/index.php\/wp-json\/wp\/v2\/media\/36844"}],"wp:attachment":[{"href":"https:\/\/pargift.pl\/index.php\/wp-json\/wp\/v2\/media?parent=36843"}],"wp:term":[{"taxonomy":"product_brand","embeddable":true,"href":"https:\/\/pargift.pl\/index.php\/wp-json\/wp\/v2\/product_brand?post=36843"},{"taxonomy":"product_cat","embeddable":true,"href":"https:\/\/pargift.pl\/index.php\/wp-json\/wp\/v2\/product_cat?post=36843"},{"taxonomy":"product_tag","embeddable":true,"href":"https:\/\/pargift.pl\/index.php\/wp-json\/wp\/v2\/product_tag?post=36843"}],"curies":[{"name":"wp","href":"https:\/\/api.w.org\/{rel}","templated":true}]}}