{"id":35601,"date":"2025-12-08T17:09:24","date_gmt":"2025-12-08T17:09:24","guid":{"rendered":"https:\/\/pargift.pl\/index.php\/produkt\/bidon-next-620-ml-jasnozielony-szary\/"},"modified":"2026-02-10T17:29:49","modified_gmt":"2026-02-10T17:29:49","slug":"bidon-next-620-ml-jasnozielony-szary","status":"publish","type":"product","link":"https:\/\/pargift.pl\/index.php\/produkt\/bidon-next-620-ml-jasnozielony-szary\/","title":{"rendered":"Bidon Next 620 ml , jasnozielony\/szary"},"content":{"rendered":"<div class=\"flex-shrink-0 flex flex-col relative items-end\">\n<div>\n<div class=\"pt-0\">\n<div class=\"gizmo-bot-avatar flex h-8 w-8 items-center justify-center overflow-hidden rounded-full\">\n<div class=\"relative p-1 rounded-sm flex items-center justify-center bg-token-main-surface-primary text-token-text-primary h-8 w-8\"><\/div>\n<\/div>\n<\/div>\n<\/div>\n<\/div>\n<div class=\"group\/conversation-turn relative flex w-full min-w-0 flex-col agent-turn\">\n<div class=\"flex-col gap-1 md:gap-3\">\n<div class=\"flex flex-grow flex-col max-w-full\">\n<div class=\"min-h-[20px] text-message flex w-full flex-col items-end gap-2 whitespace-pre-wrap break-words [.text-message+&amp;]:mt-5 overflow-x-auto\" dir=\"auto\" data-message-author-role=\"assistant\" data-message-id=\"47b50e22-7de4-45fc-85c9-ba78d8a8a682\">\n<div class=\"flex w-full flex-col gap-1 empty:hidden first:pt-[3px]\">\n<div class=\"markdown prose w-full break-words dark:prose-invert light\">\n<h2>Bidon Next 620 ml Jasnozielony-Szary \u2013 Styl i Praktyczno\u015b\u0107 w Jednym R08229-55<\/h2>\n<p><strong>Bidon Next o pojemno\u015bci 620 ml w kolorze jasnozielono-szarym<\/strong> to nowoczesny, stylowy i funkcjonalny gad\u017cet, idealny dla os\u00f3b aktywnych, kt\u00f3re ceni\u0105 sobie praktyczno\u015b\u0107 i estetyk\u0119. \u015awietnie sprawdzi si\u0119 w ka\u017cdej sytuacji \u2013 od codziennych wyj\u015b\u0107, po intensywne treningi. Dzi\u0119ki wysokiej jako\u015bci materia\u0142om i przemy\u015blanemu designowi, bidon Next to niezast\u0105piony towarzysz ka\u017cdego dnia.<\/p>\n<h3>Dlaczego warto wybra\u0107 bidon Next?<\/h3>\n<p><strong>Stylowy wygl\u0105d:<\/strong> Jasnozielony kolor w po\u0142\u0105czeniu z szarymi akcentami nadaje bidonowi nowoczesnego i \u015bwie\u017cego wygl\u0105du, kt\u00f3ry z pewno\u015bci\u0105 przypadnie do gustu osobom ceni\u0105cym sobie estetyczne dodatki.<\/p>\n<p><strong>Ergonomiczny kszta\u0142t:<\/strong> Bidon Next zosta\u0142 zaprojektowany tak, aby wygodnie le\u017ca\u0142 w d\u0142oni, co u\u0142atwia korzystanie z niego podczas biegu, jazdy na rowerze, czy innych aktywno\u015bci fizycznych. Antypo\u015blizgowa powierzchnia zapewnia pewny chwyt.<\/p>\n<p><strong>\u0141atwe otwieranie:<\/strong> Bidon wyposa\u017cony jest w praktyczne zamkni\u0119cie typu flip-top, kt\u00f3re mo\u017cna \u0142atwo otworzy\u0107 jedn\u0105 r\u0119k\u0105. To szczeg\u00f3lnie wygodne podczas ruchu, kiedy szybki dost\u0119p do napoju jest kluczowy.<\/p>\n<h3>Specyfikacja produktu<\/h3>\n<p><strong>Materia\u0142:<\/strong> Tworzywo sztuczne (bez BPA)<br \/>\n<strong>Kolor:<\/strong> Jasnozielony-Szary<br \/>\n<strong>Pojemno\u015b\u0107:<\/strong> 620 ml<br \/>\n<strong>Wymiary:<\/strong> 22 x 7 cm<br \/>\n<strong>Waga:<\/strong> 150 g<\/p>\n<p><strong>Zawarto\u015b\u0107 zestawu:<\/strong> Bidon Next 620 ml<\/p>\n<p><strong>Dodatkowy aspekt:<\/strong> Otw\u00f3r na karabinek, umo\u017cliwiaj\u0105cy \u0142atwe przypi\u0119cie bidonu do plecaka czy torby<\/p>\n<h3>Zastosowanie<\/h3>\n<ol>\n<li><strong>Sport i rekreacja:<\/strong> Idealny towarzysz podczas biegania, jazdy na rowerze czy trening\u00f3w na si\u0142owni, zapewniaj\u0105c sta\u0142e nawodnienie.<\/li>\n<li><strong>Wycieczki:<\/strong> Niezast\u0105piony podczas pieszych w\u0119dr\u00f3wek i wycieczek, dzi\u0119ki lekko\u015bci i kompaktowym rozmiarom.<\/li>\n<li><strong>Codzienne u\u017cytkowanie:<\/strong> \u015awietnie sprawdza si\u0119 w pracy, szkole czy na uczelni, pomagaj\u0105c utrzyma\u0107 odpowiedni poziom nawodnienia przez ca\u0142y dzie\u0144.<\/li>\n<li><strong>Prezent:<\/strong> Doskona\u0142y prezent dla os\u00f3b aktywnych, dbaj\u0105cych o zdrowie i ceni\u0105cych stylowe akcesoria.<\/li>\n<li><strong>Personalizacja:<\/strong> Mo\u017cliwo\u015b\u0107 naniesienia nadruku lub graweru na bidon, co czyni go r\u00f3wnie\u017c idealnym gad\u017cetem reklamowym lub personalizowanym prezentem.<\/li>\n<\/ol>\n<h3>Kup teraz i ciesz si\u0119 praktyczno\u015bci\u0105 oraz stylowym wygl\u0105dem, jaki oferuje bidon Next. Zapewnij sobie nawodnienie w ka\u017cdej sytuacji, wybieraj\u0105c funkcjonalny i elegancki gad\u017cet.<\/h3>\n<p>Tworzymy wyj\u0105tkowe upominki, na kt\u00f3rych mo\u017cemy umie\u015bci\u0107 dowolny <strong>nadruk<\/strong> lub <strong>grawer<\/strong> z Twoim logo, gwarantuj\u0105c niezapomniane wra\u017cenie i personalizowany prezent, kt\u00f3ry zostanie zapami\u0119tany na d\u0142ugo.<\/p>\n<p>&nbsp;<\/p>\n<\/div>\n<\/div>\n<\/div>\n<\/div>\n<\/div>\n<\/div>\n","protected":false},"excerpt":{"rendered":"<p><strong>Wyj\u0105tkowy bidon Next o pojemno\u015bci 620 ml w kolorze jasnozielono-szarym to po\u0142\u0105czenie stylu i praktyczno\u015bci w jednym.<\/strong><br \/>\nIdealny do codziennego u\u017cytku, na prezent oraz jako funkcjonalny dodatek podczas aktywno\u015bci fizycznej.<br \/>\nWykonany z wysokiej jako\u015bci materia\u0142\u00f3w, doskonale sprawdzi si\u0119 w ka\u017cdej sytuacji, zapewniaj\u0105c trwa\u0142o\u015b\u0107 i wygod\u0119.<\/p>\n<p><strong>Produkt nadaje si\u0119 do znakowania.<\/strong><\/p>\n<p>&nbsp;<\/p>\n","protected":false},"featured_media":35602,"comment_status":"open","ping_status":"closed","template":"","meta":[],"product_brand":[],"product_cat":[141,81],"product_tag":[1441,3073,1411,182,1084,180,2968,177,3074],"class_list":{"0":"post-35601","1":"product","2":"type-product","3":"status-publish","4":"has-post-thumbnail","6":"product_cat-butelki-bidony","7":"product_cat-szkola-i-dom","8":"product_tag-aktywny-styl-ycia","9":"product_tag-bidon-next","10":"product_tag-bidon-sportowy","11":"product_tag-codzienne-uycie","12":"product_tag-ergonomiczny-ksztat","13":"product_tag-grawer","14":"product_tag-jasnozielony-bidon","15":"product_tag-nadruk","16":"product_tag-r08229-55","18":"first","19":"instock","20":"shipping-taxable","21":"purchasable","22":"product-type-simple"},"_links":{"self":[{"href":"https:\/\/pargift.pl\/index.php\/wp-json\/wp\/v2\/product\/35601","targetHints":{"allow":["GET"]}}],"collection":[{"href":"https:\/\/pargift.pl\/index.php\/wp-json\/wp\/v2\/product"}],"about":[{"href":"https:\/\/pargift.pl\/index.php\/wp-json\/wp\/v2\/types\/product"}],"replies":[{"embeddable":true,"href":"https:\/\/pargift.pl\/index.php\/wp-json\/wp\/v2\/comments?post=35601"}],"version-history":[{"count":0,"href":"https:\/\/pargift.pl\/index.php\/wp-json\/wp\/v2\/product\/35601\/revisions"}],"wp:featuredmedia":[{"embeddable":true,"href":"https:\/\/pargift.pl\/index.php\/wp-json\/wp\/v2\/media\/35602"}],"wp:attachment":[{"href":"https:\/\/pargift.pl\/index.php\/wp-json\/wp\/v2\/media?parent=35601"}],"wp:term":[{"taxonomy":"product_brand","embeddable":true,"href":"https:\/\/pargift.pl\/index.php\/wp-json\/wp\/v2\/product_brand?post=35601"},{"taxonomy":"product_cat","embeddable":true,"href":"https:\/\/pargift.pl\/index.php\/wp-json\/wp\/v2\/product_cat?post=35601"},{"taxonomy":"product_tag","embeddable":true,"href":"https:\/\/pargift.pl\/index.php\/wp-json\/wp\/v2\/product_tag?post=35601"}],"curies":[{"name":"wp","href":"https:\/\/api.w.org\/{rel}","templated":true}]}}