{"id":33844,"date":"2025-12-07T20:33:50","date_gmt":"2025-12-07T20:33:50","guid":{"rendered":"https:\/\/pargift.pl\/index.php\/produkt\/termos-osseo-450-ml-czarny\/"},"modified":"2026-02-10T17:29:37","modified_gmt":"2026-02-10T17:29:37","slug":"termos-osseo-450-ml-czarny","status":"publish","type":"product","link":"https:\/\/pargift.pl\/index.php\/produkt\/termos-osseo-450-ml-czarny\/","title":{"rendered":"Termos Osseo 450 ml, czarny"},"content":{"rendered":"<h2 data-start=\"0\" data-end=\"73\"><strong data-start=\"3\" data-end=\"73\">Termos Osseo 450 ml \u2013 czarny R08248.02 \u2013 izolowany termos podr\u00f3\u017cny<\/strong><\/h2>\n<p data-start=\"75\" data-end=\"499\">Termos <strong data-start=\"82\" data-end=\"101\">Osseo R08248.02<\/strong> to <strong data-start=\"105\" data-end=\"142\">czarny termos o pojemno\u015bci 450 ml<\/strong>, kt\u00f3ry \u0142\u0105czy <strong data-start=\"156\" data-end=\"208\">nowoczesny wygl\u0105d z doskona\u0142\u0105 izolacj\u0105 termiczn\u0105<\/strong> \u2014 idealny do przenoszenia gor\u0105cych i zimnych napoj\u00f3w w domu, w pracy, w podr\u00f3\u017cy lub na \u015bwie\u017cym powietrzu. Dzi\u0119ki <strong data-start=\"322\" data-end=\"368\">pr\u00f3\u017cniowej izolacji z podw\u00f3jnymi \u015bciankami<\/strong> stalowy termos utrzymuje temperatur\u0119 napoj\u00f3w przez wiele godzin, zapewniaj\u0105c ich d\u0142u\u017csze ciep\u0142o lub ch\u0142\u00f3d w zale\u017cno\u015bci od potrzeb.<\/p>\n<p data-start=\"501\" data-end=\"821\">Termos wyposa\u017cony jest w <strong data-start=\"526\" data-end=\"547\">szczeln\u0105 zakr\u0119tk\u0119<\/strong>, kt\u00f3ra zapobiega przypadkowemu rozlaniu oraz u\u0142atwia bezpieczne przenoszenie go w plecaku, torbie lub samochodzie. <strong data-start=\"663\" data-end=\"679\">Czarny kolor<\/strong> nadaje temu modelowi eleganckiego, uniwersalnego charakteru i sprawia, \u017ce doskonale komponuje si\u0119 z codziennymi oraz podr\u00f3\u017cnymi stylizacjami.<\/p>\n<h3 data-start=\"823\" data-end=\"859\"><strong data-start=\"827\" data-end=\"859\">Najwa\u017cniejsze cechy produktu<\/strong><\/h3>\n<ul>\n<li data-start=\"862\" data-end=\"922\"><strong data-start=\"862\" data-end=\"883\">Pojemno\u015b\u0107: 450 ml<\/strong> \u2013 odpowiednia ilo\u015b\u0107 napoju na d\u0142u\u017cej<\/li>\n<li data-start=\"925\" data-end=\"1013\"><strong data-start=\"925\" data-end=\"970\">Izolacja pr\u00f3\u017cniowa z podw\u00f3jnymi \u015bciankami<\/strong> \u2013 d\u0142u\u017csze utrzymanie temperatury napoj\u00f3w<\/li>\n<li data-start=\"1016\" data-end=\"1068\"><strong data-start=\"1016\" data-end=\"1033\">Kolor: czarny<\/strong> \u2013 elegancki i uniwersalny wygl\u0105d<\/li>\n<li data-start=\"1071\" data-end=\"1121\"><strong data-start=\"1071\" data-end=\"1092\">Szczelna zakr\u0119tka<\/strong> \u2013 chroni przed wyciekaniem<\/li>\n<li data-start=\"1124\" data-end=\"1174\"><strong data-start=\"1124\" data-end=\"1137\">Materia\u0142:<\/strong> stal nierdzewna \u2013 trwa\u0142y i odporny<\/li>\n<li data-start=\"1177\" data-end=\"1241\"><strong data-start=\"1177\" data-end=\"1199\">Ergonomiczna forma<\/strong> \u2013 komfortowe przenoszenie i u\u017cytkowanie<\/li>\n<\/ul>\n<h3 data-start=\"1243\" data-end=\"1274\"><strong data-start=\"1247\" data-end=\"1274\">Dlaczego warto go mie\u0107?<\/strong><\/h3>\n<p data-start=\"1275\" data-end=\"1829\">Termos Osseo to <strong data-start=\"1291\" data-end=\"1327\">praktyczny i funkcjonalny termos<\/strong>, kt\u00f3ry \u015bwietnie sprawdza si\u0119 w codziennych sytuacjach \u2014 od porannej kawy w drodze do pracy, po ch\u0142odny nap\u00f3j podczas spaceru czy wycieczki. Dzi\u0119ki solidnej konstrukcji i szczelnej zakr\u0119tce napoje pozostaj\u0105 bezpiecznie przechowywane przez d\u0142ugi czas, a ergonomiczna forma u\u0142atwia u\u017cytkowanie \u201ew biegu\u201d. Elegancki, czarny wygl\u0105d sprawia, \u017ce produkt \u015bwietnie sprawdza si\u0119 tak\u017ce jako <strong data-start=\"1708\" data-end=\"1757\">praktyczny gad\u017cet reklamowy z logotypem firmy<\/strong> lub <strong data-start=\"1762\" data-end=\"1782\">upominek firmowy<\/strong>, kt\u00f3ry u\u017cytkownicy ch\u0119tnie b\u0119d\u0105 wykorzystywa\u0107.<\/p>\n","protected":false},"excerpt":{"rendered":"<p>Termos Osseo R08248.02 to czarny termos o pojemno\u015bci 450 ml z izolacj\u0105 pr\u00f3\u017cniow\u0105 i szczeln\u0105 zakr\u0119tk\u0105.<\/p>\n<p><strong>Idealny do utrzymywania temperatury gor\u0105cych i zimnych napoj\u00f3w podczas codziennego u\u017cytkowania i podr\u00f3\u017cy.<\/strong><\/p>\n<p><strong data-start=\"2076\" data-end=\"2113\">Produkt nadaje si\u0119 do znakowania.<\/strong><\/p>\n","protected":false},"featured_media":33845,"comment_status":"open","ping_status":"closed","template":"","meta":[],"product_brand":[],"product_cat":[171],"product_tag":[10421,10418,9373,10390,10419,10416,10417,10422,10387,10415,10420,10414,10423],"class_list":{"0":"post-33844","1":"product","2":"type-product","3":"status-publish","4":"has-post-thumbnail","6":"product_cat-termosy","7":"product_tag-czarny-termos-metalowy","8":"product_tag-ergonomiczny-termos-stal-nierdzewna","9":"product_tag-gadzet-reklamowy-termos","10":"product_tag-personalizowany-termos-z-logo","11":"product_tag-praktyczny-termos-codzienny","12":"product_tag-r08248-02-termos-podrozny","13":"product_tag-termos-do-kawy-i-herbaty","14":"product_tag-termos-do-napojow-goracych-i-zimnych","15":"product_tag-termos-do-pracy-i-szkoly","16":"product_tag-termos-izolowany-450-ml","17":"product_tag-termos-na-spacer-i-wycieczke","18":"product_tag-termos-osseo-czarny","19":"product_tag-termos-szczelny-podrozny","21":"first","22":"instock","23":"shipping-taxable","24":"purchasable","25":"product-type-simple"},"_links":{"self":[{"href":"https:\/\/pargift.pl\/index.php\/wp-json\/wp\/v2\/product\/33844","targetHints":{"allow":["GET"]}}],"collection":[{"href":"https:\/\/pargift.pl\/index.php\/wp-json\/wp\/v2\/product"}],"about":[{"href":"https:\/\/pargift.pl\/index.php\/wp-json\/wp\/v2\/types\/product"}],"replies":[{"embeddable":true,"href":"https:\/\/pargift.pl\/index.php\/wp-json\/wp\/v2\/comments?post=33844"}],"version-history":[{"count":2,"href":"https:\/\/pargift.pl\/index.php\/wp-json\/wp\/v2\/product\/33844\/revisions"}],"predecessor-version":[{"id":39083,"href":"https:\/\/pargift.pl\/index.php\/wp-json\/wp\/v2\/product\/33844\/revisions\/39083"}],"wp:featuredmedia":[{"embeddable":true,"href":"https:\/\/pargift.pl\/index.php\/wp-json\/wp\/v2\/media\/33845"}],"wp:attachment":[{"href":"https:\/\/pargift.pl\/index.php\/wp-json\/wp\/v2\/media?parent=33844"}],"wp:term":[{"taxonomy":"product_brand","embeddable":true,"href":"https:\/\/pargift.pl\/index.php\/wp-json\/wp\/v2\/product_brand?post=33844"},{"taxonomy":"product_cat","embeddable":true,"href":"https:\/\/pargift.pl\/index.php\/wp-json\/wp\/v2\/product_cat?post=33844"},{"taxonomy":"product_tag","embeddable":true,"href":"https:\/\/pargift.pl\/index.php\/wp-json\/wp\/v2\/product_tag?post=33844"}],"curies":[{"name":"wp","href":"https:\/\/api.w.org\/{rel}","templated":true}]}}