{"id":33745,"date":"2025-12-07T20:33:30","date_gmt":"2025-12-07T20:33:30","guid":{"rendered":"https:\/\/pargift.pl\/index.php\/produkt\/kubek-ceramiczny-z-bambusowa-przykrywka-giulia-czarny-2\/"},"modified":"2026-02-10T17:29:36","modified_gmt":"2026-02-10T17:29:36","slug":"kubek-ceramiczny-z-bambusowa-przykrywka-giulia-czarny-2","status":"publish","type":"product","link":"https:\/\/pargift.pl\/index.php\/produkt\/kubek-ceramiczny-z-bambusowa-przykrywka-giulia-czarny-2\/","title":{"rendered":"Kubek ceramiczny z bambusow\u0105 przykrywk\u0105 Giulia, czarny"},"content":{"rendered":"<h2 data-start=\"0\" data-end=\"99\"><strong data-start=\"3\" data-end=\"99\">Kubek ceramiczny z bambusow\u0105 przykrywk\u0105 Giulia \u2013 czarny R85309.02 \u2013 stylowy kubek z pokrywk\u0105<\/strong><\/h2>\n<p data-start=\"101\" data-end=\"619\">Kubek ceramiczny <strong data-start=\"118\" data-end=\"138\">Giulia R85309.02<\/strong> to <strong data-start=\"142\" data-end=\"181\">czarny kubek o nowoczesnym designie<\/strong>, wyposa\u017cony w <strong data-start=\"196\" data-end=\"218\">bambusow\u0105 pokrywk\u0119<\/strong>, kt\u00f3ra pe\u0142ni funkcj\u0119 praktyczn\u0105 \u2014 chroni nap\u00f3j przed utrat\u0105 ciep\u0142a i zanieczyszczeniami \u2014 oraz estetyczn\u0105, dodaj\u0105c ca\u0142emu produktowi naturalnego, eleganckiego charakteru. Wykonany z <strong data-start=\"401\" data-end=\"430\">wysokiej jako\u015bci ceramiki<\/strong>, kubek jest trwa\u0142y i \u0142atwy w utrzymaniu czysto\u015bci, dzi\u0119ki czemu \u015bwietnie sprawdza si\u0119 do codziennego picia kawy, herbaty i innych ulubionych napoj\u00f3w \u2014 w domu, w biurze lub podczas przerwy.<\/p>\n<p data-start=\"621\" data-end=\"944\">Czarny kolor kubka nadaje mu uniwersalny, stylowy wygl\u0105d, kt\u00f3ry pasuje do r\u00f3\u017cnych aran\u017cacji wn\u0119trz i okazji. Bambusowa pokrywka \u2013 wykonana z naturalnego surowca \u2013 wprowadza element ciep\u0142a i kontrastu, co podkre\u015bla estetyk\u0119 ca\u0142ego kubka. Kubek Giulia jest idealny dla os\u00f3b ceni\u0105cych <strong data-start=\"903\" data-end=\"943\">po\u0142\u0105czenie funkcjonalno\u015bci i designu<\/strong>.<\/p>\n<h3 data-start=\"946\" data-end=\"982\"><strong data-start=\"950\" data-end=\"982\">Najwa\u017cniejsze cechy produktu<\/strong><\/h3>\n<ul>\n<li data-start=\"985\" data-end=\"1060\"><strong data-start=\"985\" data-end=\"999\">Pojemno\u015b\u0107:<\/strong> odpowiednia do ulubionych napoj\u00f3w gor\u0105cych lub ch\u0142odzonych<\/li>\n<li data-start=\"1063\" data-end=\"1117\"><strong data-start=\"1063\" data-end=\"1076\">Materia\u0142:<\/strong> ceramika \u2013 trwa\u0142a i przyjemna w dotyku<\/li>\n<li data-start=\"1120\" data-end=\"1165\"><strong data-start=\"1120\" data-end=\"1130\">Kolor:<\/strong> czarny \u2013 elegancki i uniwersalny<\/li>\n<li data-start=\"1168\" data-end=\"1232\"><strong data-start=\"1168\" data-end=\"1190\">Bambusowa pokrywka<\/strong> \u2013 estetyczna i praktyczna, chroni nap\u00f3j<\/li>\n<li data-start=\"1235\" data-end=\"1302\"><strong data-start=\"1235\" data-end=\"1266\">\u0141atwy w myciu i u\u017cytkowaniu<\/strong> \u2013 komfort codziennego u\u017cytkowania<\/li>\n<li data-start=\"1305\" data-end=\"1358\"><strong data-start=\"1305\" data-end=\"1326\">Nowoczesny design<\/strong> \u2013 stylowy i estetyczny wygl\u0105d<\/li>\n<\/ul>\n<h3 data-start=\"1360\" data-end=\"1391\"><strong data-start=\"1364\" data-end=\"1391\">Dlaczego warto go mie\u0107?<\/strong><\/h3>\n<p data-start=\"1392\" data-end=\"2043\">Kubek Giulia to <strong data-start=\"1408\" data-end=\"1457\">idealne po\u0142\u0105czenie estetyki i funkcjonalno\u015bci<\/strong> \u2014 doskonale sprawdza si\u0119 zar\u00f3wno jako klasyczny kubek do codziennych napoj\u00f3w, jak i elegancki gad\u017cet do biura lub prezent. Bambusowa pokrywka pomaga utrzyma\u0107 temperatur\u0119 napoju i chroni przed zanieczyszczeniami, co zwi\u0119ksza komfort u\u017cytkowania na co dzie\u0144. Czarny kolor kubka i naturalny akcent bambusa tworz\u0105 <strong data-start=\"1768\" data-end=\"1788\">eleganck\u0105 ca\u0142o\u015b\u0107<\/strong>, kt\u00f3ra \u015bwietnie prezentuje si\u0119 r\u00f3wnie\u017c na zdj\u0119ciach lub podczas spotka\u0144. Dodatkowo produkt jest <strong data-start=\"1885\" data-end=\"1918\">\u015bwietnym no\u015bnikiem reklamowym<\/strong> \u2014 po personalizacji logotypem firmy lub nadrukiem mo\u017ce sta\u0107 si\u0119 <strong data-start=\"1983\" data-end=\"2042\">praktycznym gad\u017cetem reklamowym lub upominkiem firmowym<\/strong>.<\/p>\n","protected":false},"excerpt":{"rendered":"<p>Kubek ceramiczny z bambusow\u0105 przykrywk\u0105 Giulia R85309.02 to czarny, stylowy kubek o eleganckim designie z naturaln\u0105 bambusow\u0105 pokrywk\u0105.<\/p>\n<p><strong>Idealny do kawy, herbaty i innych napoj\u00f3w w domu lub w pracy.<\/strong><\/p>\n<p><strong data-start=\"2280\" data-end=\"2317\">Produkt nadaje si\u0119 do znakowania.<\/strong><\/p>\n","protected":false},"featured_media":33746,"comment_status":"open","ping_status":"closed","template":"","meta":[],"product_brand":[],"product_cat":[77],"product_tag":[10427,10429,4439,10424,10430,10431,4460,10428,10426,10071,9936,10425],"class_list":{"0":"post-33745","1":"product","2":"type-product","3":"status-publish","4":"has-post-thumbnail","6":"product_cat-kubki","7":"product_tag-ceramiczny-kubek-do-kawy-i-herbaty","8":"product_tag-ekologiczny-kubek-giulia","9":"product_tag-elegancki-kubek-ceramiczny","10":"product_tag-kubek-ceramiczny-giulia-czarny","11":"product_tag-kubek-czarny-z-bambusem","12":"product_tag-kubek-designerski","13":"product_tag-kubek-do-biura-i-domu","14":"product_tag-kubek-gift-reklamowy","15":"product_tag-kubek-z-pokrywka-bambusowa","16":"product_tag-personalizowany-kubek-z-logo","17":"product_tag-praktyczny-kubek-codzienny","18":"product_tag-r85309-02-kubek-z-bambusowa-pokrywka","20":"first","21":"instock","22":"shipping-taxable","23":"purchasable","24":"product-type-simple"},"_links":{"self":[{"href":"https:\/\/pargift.pl\/index.php\/wp-json\/wp\/v2\/product\/33745","targetHints":{"allow":["GET"]}}],"collection":[{"href":"https:\/\/pargift.pl\/index.php\/wp-json\/wp\/v2\/product"}],"about":[{"href":"https:\/\/pargift.pl\/index.php\/wp-json\/wp\/v2\/types\/product"}],"replies":[{"embeddable":true,"href":"https:\/\/pargift.pl\/index.php\/wp-json\/wp\/v2\/comments?post=33745"}],"version-history":[{"count":1,"href":"https:\/\/pargift.pl\/index.php\/wp-json\/wp\/v2\/product\/33745\/revisions"}],"predecessor-version":[{"id":39084,"href":"https:\/\/pargift.pl\/index.php\/wp-json\/wp\/v2\/product\/33745\/revisions\/39084"}],"wp:featuredmedia":[{"embeddable":true,"href":"https:\/\/pargift.pl\/index.php\/wp-json\/wp\/v2\/media\/33746"}],"wp:attachment":[{"href":"https:\/\/pargift.pl\/index.php\/wp-json\/wp\/v2\/media?parent=33745"}],"wp:term":[{"taxonomy":"product_brand","embeddable":true,"href":"https:\/\/pargift.pl\/index.php\/wp-json\/wp\/v2\/product_brand?post=33745"},{"taxonomy":"product_cat","embeddable":true,"href":"https:\/\/pargift.pl\/index.php\/wp-json\/wp\/v2\/product_cat?post=33745"},{"taxonomy":"product_tag","embeddable":true,"href":"https:\/\/pargift.pl\/index.php\/wp-json\/wp\/v2\/product_tag?post=33745"}],"curies":[{"name":"wp","href":"https:\/\/api.w.org\/{rel}","templated":true}]}}