{"id":33498,"date":"2025-12-07T20:32:25","date_gmt":"2025-12-07T20:32:25","guid":{"rendered":"https:\/\/pargift.pl\/index.php\/produkt\/foremki-do-ciasteczek-cookie-bialy\/"},"modified":"2026-01-04T21:38:26","modified_gmt":"2026-01-04T21:38:26","slug":"foremki-do-ciasteczek-cookie-bialy","status":"publish","type":"product","link":"https:\/\/pargift.pl\/index.php\/produkt\/foremki-do-ciasteczek-cookie-bialy\/","title":{"rendered":"Foremki do ciasteczek Cookie, bia\u0142y"},"content":{"rendered":"<p>Zestaw 4 szt. foremek do przygotowania \u015bwi\u0105tecznych imbirowych ciasteczek. Zapakowany w ekologiczny kartonik. W pude\u0142ku znajdziesz przepis na pyszne ciasteczka. Sugerujemy dekorowanie ciastek lukrem. To jest \u015bwietna zabawa! Ciesz si\u0119 chrupaniem ciastek podczas \u015bwi\u0105tecznych spotka\u0144 z rodzin\u0105 i przyjaci\u00f3\u0142mi \ud83d\ude42<\/p>\n","protected":false},"excerpt":{"rendered":"<p>4923<\/p>\n","protected":false},"featured_media":33499,"comment_status":"open","ping_status":"closed","template":"","meta":[],"product_brand":[],"product_cat":[97,85],"product_tag":[],"class_list":{"0":"post-33498","1":"product","2":"type-product","3":"status-publish","4":"has-post-thumbnail","6":"product_cat-artykuly-swiateczne","7":"product_cat-do-domu","9":"first","10":"instock","11":"shipping-taxable","12":"purchasable","13":"product-type-simple"},"_links":{"self":[{"href":"https:\/\/pargift.pl\/index.php\/wp-json\/wp\/v2\/product\/33498","targetHints":{"allow":["GET"]}}],"collection":[{"href":"https:\/\/pargift.pl\/index.php\/wp-json\/wp\/v2\/product"}],"about":[{"href":"https:\/\/pargift.pl\/index.php\/wp-json\/wp\/v2\/types\/product"}],"replies":[{"embeddable":true,"href":"https:\/\/pargift.pl\/index.php\/wp-json\/wp\/v2\/comments?post=33498"}],"version-history":[{"count":0,"href":"https:\/\/pargift.pl\/index.php\/wp-json\/wp\/v2\/product\/33498\/revisions"}],"wp:featuredmedia":[{"embeddable":true,"href":"https:\/\/pargift.pl\/index.php\/wp-json\/wp\/v2\/media\/33499"}],"wp:attachment":[{"href":"https:\/\/pargift.pl\/index.php\/wp-json\/wp\/v2\/media?parent=33498"}],"wp:term":[{"taxonomy":"product_brand","embeddable":true,"href":"https:\/\/pargift.pl\/index.php\/wp-json\/wp\/v2\/product_brand?post=33498"},{"taxonomy":"product_cat","embeddable":true,"href":"https:\/\/pargift.pl\/index.php\/wp-json\/wp\/v2\/product_cat?post=33498"},{"taxonomy":"product_tag","embeddable":true,"href":"https:\/\/pargift.pl\/index.php\/wp-json\/wp\/v2\/product_tag?post=33498"}],"curies":[{"name":"wp","href":"https:\/\/api.w.org\/{rel}","templated":true}]}}