{"id":32879,"date":"2025-12-07T20:29:30","date_gmt":"2025-12-07T20:29:30","guid":{"rendered":"https:\/\/pargift.pl\/index.php\/produkt\/uchwyt-na-telefon-mobilefit-czarny-2\/"},"modified":"2026-02-10T17:29:31","modified_gmt":"2026-02-10T17:29:31","slug":"uchwyt-na-telefon-mobilefit-czarny-2","status":"publish","type":"product","link":"https:\/\/pargift.pl\/index.php\/produkt\/uchwyt-na-telefon-mobilefit-czarny-2\/","title":{"rendered":"Uchwyt na telefon Mobilefit, czarny"},"content":{"rendered":"<p>Uchwyt do telefonu montowany jest do kratki wentylacyjnej samochodu. Pod wp\u0142ywem ci\u0119\u017caru telefonu ramiona automatycznie dopasowuj\u0105 si\u0119 do jego rozmiaru. Dzi\u0119ki swojej konstrukcji uchwyt mo\u017cna obs\u0142ugiwa\u0107 jedn\u0105 r\u0119k\u0105, jednocze\u015bnie jest on stabilny gdy\u017c podtrzymuje telefon w czterech punktach. Telefon nie jest do\u0142\u0105czony.<\/p>\n","protected":false},"excerpt":{"rendered":"<p>EOY2020 praca zdalna movie<\/p>\n","protected":false},"featured_media":32880,"comment_status":"open","ping_status":"closed","template":"","meta":[],"product_brand":[],"product_cat":[148,84,95],"product_tag":[],"class_list":{"0":"post-32879","1":"product","2":"type-product","3":"status-publish","4":"has-post-thumbnail","6":"product_cat-akcesoria","7":"product_cat-gadzety-do-20-zl","8":"product_cat-motoryzacyjne","10":"first","11":"instock","12":"shipping-taxable","13":"purchasable","14":"product-type-simple"},"_links":{"self":[{"href":"https:\/\/pargift.pl\/index.php\/wp-json\/wp\/v2\/product\/32879","targetHints":{"allow":["GET"]}}],"collection":[{"href":"https:\/\/pargift.pl\/index.php\/wp-json\/wp\/v2\/product"}],"about":[{"href":"https:\/\/pargift.pl\/index.php\/wp-json\/wp\/v2\/types\/product"}],"replies":[{"embeddable":true,"href":"https:\/\/pargift.pl\/index.php\/wp-json\/wp\/v2\/comments?post=32879"}],"version-history":[{"count":0,"href":"https:\/\/pargift.pl\/index.php\/wp-json\/wp\/v2\/product\/32879\/revisions"}],"wp:featuredmedia":[{"embeddable":true,"href":"https:\/\/pargift.pl\/index.php\/wp-json\/wp\/v2\/media\/32880"}],"wp:attachment":[{"href":"https:\/\/pargift.pl\/index.php\/wp-json\/wp\/v2\/media?parent=32879"}],"wp:term":[{"taxonomy":"product_brand","embeddable":true,"href":"https:\/\/pargift.pl\/index.php\/wp-json\/wp\/v2\/product_brand?post=32879"},{"taxonomy":"product_cat","embeddable":true,"href":"https:\/\/pargift.pl\/index.php\/wp-json\/wp\/v2\/product_cat?post=32879"},{"taxonomy":"product_tag","embeddable":true,"href":"https:\/\/pargift.pl\/index.php\/wp-json\/wp\/v2\/product_tag?post=32879"}],"curies":[{"name":"wp","href":"https:\/\/api.w.org\/{rel}","templated":true}]}}