{"id":31729,"date":"2025-12-07T20:24:53","date_gmt":"2025-12-07T20:24:53","guid":{"rendered":"https:\/\/pargift.pl\/index.php\/produkt\/zestaw-narzedzi-tire-czarny-2\/"},"modified":"2026-02-10T17:29:21","modified_gmt":"2026-02-10T17:29:21","slug":"zestaw-narzedzi-tire-czarny-2","status":"publish","type":"product","link":"https:\/\/pargift.pl\/index.php\/produkt\/zestaw-narzedzi-tire-czarny-2\/","title":{"rendered":"Zestaw narz\u0119dzi Tire, czarny"},"content":{"rendered":"<h2 data-start=\"0\" data-end=\"98\"><strong data-start=\"3\" data-end=\"44\"><span class=\"entity-underline hover:entity-accent inline cursor-pointer align-baseline\"><span class=\"whitespace-normal\">Zestaw narz\u0119dzi Tire, czarny<\/span><\/span><\/strong> \u2013 praktyczny zestaw narz\u0119dzi w nowoczesnym opakowaniu<\/h2>\n<p data-start=\"100\" data-end=\"798\">Zestaw narz\u0119dzi <strong data-start=\"116\" data-end=\"124\">Tire<\/strong> to kompaktowy komplet 24 praktycznych narz\u0119dzi r\u0119cznych, zapakowany w opakowanie o <strong data-start=\"208\" data-end=\"240\">kszta\u0142cie opony samochodowej<\/strong> \u2013 atrakcja zar\u00f3wno dla majsterkowicz\u00f3w, jak i os\u00f3b ceni\u0105cych praktyczne gad\u017cety do domu, warsztatu czy auta. W sk\u0142ad zestawu wchodzi mix narz\u0119dzi takich jak r\u00f3\u017cne wkr\u0119taki, klucze (imbusowe, nasadowe, Torx), szczypce uniwersalne oraz akcesoria pomocnicze, kt\u00f3re sprawdz\u0105 si\u0119 przy wielu drobnych naprawach i pracach technicznych. Estetyczne i funkcjonalne opakowanie nie tylko u\u0142atwia przechowywanie, ale te\u017c nadaje zestawowi charakteru \u2013 przypominaj\u0105c form\u0105 opon\u0119, co podkre\u015bla jego praktyczny, motoryzacyjny charakter.<\/p>\n<h3 data-start=\"800\" data-end=\"832\">Najwa\u017cniejsze cechy produktu<\/h3>\n<ul>\n<li data-start=\"835\" data-end=\"925\">Zestaw <strong data-start=\"842\" data-end=\"866\">24 narz\u0119dzi r\u0119cznych<\/strong> w jednym komplecie<\/li>\n<li data-start=\"928\" data-end=\"1033\">Opakowanie w kszta\u0142cie <strong data-start=\"951\" data-end=\"973\">opony samochodowej<\/strong> \u2013 oryginalny design<\/li>\n<li data-start=\"1036\" data-end=\"1125\">Wkr\u0119taki precyzyjne: p\u0142aski i krzy\u017cowy (Phillips)<\/li>\n<li data-start=\"1128\" data-end=\"1252\">Klucze: <strong data-start=\"1136\" data-end=\"1212\">Torx (3 rozmiary), imbusowe (3 rozmiary), nasadowe\/oczkowe (5 rozmiar\u00f3w)<\/strong><\/li>\n<li data-start=\"1255\" data-end=\"1398\">Dodatkowe narz\u0119dzia: <strong data-start=\"1276\" data-end=\"1358\">miarka zwijana 1 m, szczypce uniwersalne, uchwyt magnetyczny, przed\u0142u\u017cka 35 mm<\/strong><\/li>\n<li data-start=\"1401\" data-end=\"1496\">G\u0142\u00f3wny materia\u0142: stal narz\u0119dziowa + plastikowe elementy<\/li>\n<li data-start=\"1499\" data-end=\"1583\">Kolor: <strong data-start=\"1506\" data-end=\"1516\">czarny<\/strong> \u2013 uniwersalny i estetyczny<\/li>\n<\/ul>\n<h3 data-start=\"1585\" data-end=\"1612\">Dlaczego warto go mie\u0107?<\/h3>\n<p data-start=\"1613\" data-end=\"2216\">Ten zestaw narz\u0119dzi to \u015bwietne rozwi\u0105zanie dla ka\u017cdego, kto lubi mie\u0107 pod r\u0119k\u0105 podstawowy zestaw do drobnych napraw i prac technicznych \u2013 od domowych zada\u0144 po drobne dzia\u0142ania w warsztacie czy gara\u017cu. Uniwersalny zestaw narz\u0119dzi pozwala wykonywa\u0107 r\u00f3\u017cne zadania bez konieczno\u015bci szukania pojedynczych element\u00f3w, a oryginalne opakowanie w kszta\u0142cie opony sprawia, \u017ce produkt wyr\u00f3\u017cnia si\u0119 zar\u00f3wno pod wzgl\u0119dem funkcjonalno\u015bci, jak i designu. Dzi\u0119ki temu \u015bwietnie sprawdzi si\u0119 te\u017c jako prezent lub praktyczny gad\u017cet reklamowy, kt\u00f3ry u\u017cytkownik b\u0119dzie u\u017cywa\u0142 i pami\u0119ta\u0142.<\/p>\n<h3 data-start=\"2218\" data-end=\"2245\">Specyfikacja techniczna<\/h3>\n<ul>\n<li data-start=\"2248\" data-end=\"2310\">Model: <strong data-start=\"2255\" data-end=\"2268\">R17723.02<\/strong><\/li>\n<li data-start=\"2313\" data-end=\"2383\">Liczba narz\u0119dzi: <strong data-start=\"2330\" data-end=\"2341\">24 szt.<\/strong><\/li>\n<li data-start=\"2386\" data-end=\"2526\">G\u0142\u00f3wne narz\u0119dzia: wkr\u0119taki precyzyjne (p\u0142aski + Phillips), klucze Torx, imbusowe, nasadowe\/oczkowe<\/li>\n<li data-start=\"2529\" data-end=\"2650\">Dodatki: miarka 1 m, uchwyt magnetyczny, szczypce uniwersalne, przed\u0142u\u017cka 35 mm<\/li>\n<li data-start=\"2653\" data-end=\"2731\">Materia\u0142y: stal narz\u0119dziowa, plastik<\/li>\n<li data-start=\"2734\" data-end=\"2793\">Kolor: <strong data-start=\"2741\" data-end=\"2751\">czarny<\/strong><\/li>\n<li data-start=\"2796\" data-end=\"2896\">Wymiary opakowania (szer.\/wys.\/g\u0142.): <strong data-start=\"2833\" data-end=\"2854\">160 \u00d7 160 \u00d7 57 mm<\/strong><\/li>\n<li data-start=\"2899\" data-end=\"2980\">Opakowanie: pude\u0142ko transportowe\/karton<\/li>\n<\/ul>\n","protected":false},"excerpt":{"rendered":"<p>Zestaw narz\u0119dzi Tire czarny R17723.02 \u2014 komplet 24 praktycznych narz\u0119dzi r\u0119cznych w opakowaniu w kszta\u0142cie opony, zawieraj\u0105cy wkr\u0119taki, klucze Torx\/imbusowe\/nasadowe, miark\u0119 1 m, szczypce i uchwyt magnetyczny. Materia\u0142y: stal narz\u0119dziowa + plastik, wymiary opakowania 160 \u00d7 160 \u00d7 57 mm. Uniwersalny zestaw do drobnych prac domowych i warsztatowych.<\/p>\n<p><strong>Produkt o 24 elementach.<\/strong><\/p>\n<p><strong>Produkt nadaje si\u0119 do znakowania.<\/strong><\/p>\n","protected":false},"featured_media":31730,"comment_status":"open","ping_status":"closed","template":"","meta":[],"product_brand":[],"product_cat":[89,95],"product_tag":[10631,10629,10626,10628,10625,10624,10627,10630,8699,10632,10623,10622],"class_list":{"0":"post-31729","1":"product","2":"type-product","3":"status-publish","4":"has-post-thumbnail","6":"product_cat-budowlane","7":"product_cat-motoryzacyjne","8":"product_tag-czarny-zestaw-narzedzi-reklamowy","9":"product_tag-klucze-torx-imbus-nasadowe","10":"product_tag-komplet-narzedzi-do-domu-i-warsztatu","11":"product_tag-miarka-1-m-narzedzi-set","12":"product_tag-narzedzia-motoryzacyjne-tire","13":"product_tag-narzedzia-reczne-w-opakowaniu-opony","14":"product_tag-narzedzia-z-uchwytem-magnetycznym","15":"product_tag-pismienniczy-gadzet-techniczny","16":"product_tag-praktyczny-zestaw-narzedzi","17":"product_tag-sku-r17723-02","18":"product_tag-zestaw-narzedzi-24-sztuki","19":"product_tag-zestaw-narzedzi-tire","21":"first","22":"instock","23":"shipping-taxable","24":"purchasable","25":"product-type-simple"},"_links":{"self":[{"href":"https:\/\/pargift.pl\/index.php\/wp-json\/wp\/v2\/product\/31729","targetHints":{"allow":["GET"]}}],"collection":[{"href":"https:\/\/pargift.pl\/index.php\/wp-json\/wp\/v2\/product"}],"about":[{"href":"https:\/\/pargift.pl\/index.php\/wp-json\/wp\/v2\/types\/product"}],"replies":[{"embeddable":true,"href":"https:\/\/pargift.pl\/index.php\/wp-json\/wp\/v2\/comments?post=31729"}],"version-history":[{"count":2,"href":"https:\/\/pargift.pl\/index.php\/wp-json\/wp\/v2\/product\/31729\/revisions"}],"predecessor-version":[{"id":39112,"href":"https:\/\/pargift.pl\/index.php\/wp-json\/wp\/v2\/product\/31729\/revisions\/39112"}],"wp:featuredmedia":[{"embeddable":true,"href":"https:\/\/pargift.pl\/index.php\/wp-json\/wp\/v2\/media\/31730"}],"wp:attachment":[{"href":"https:\/\/pargift.pl\/index.php\/wp-json\/wp\/v2\/media?parent=31729"}],"wp:term":[{"taxonomy":"product_brand","embeddable":true,"href":"https:\/\/pargift.pl\/index.php\/wp-json\/wp\/v2\/product_brand?post=31729"},{"taxonomy":"product_cat","embeddable":true,"href":"https:\/\/pargift.pl\/index.php\/wp-json\/wp\/v2\/product_cat?post=31729"},{"taxonomy":"product_tag","embeddable":true,"href":"https:\/\/pargift.pl\/index.php\/wp-json\/wp\/v2\/product_tag?post=31729"}],"curies":[{"name":"wp","href":"https:\/\/api.w.org\/{rel}","templated":true}]}}