{"id":31484,"date":"2025-12-07T20:23:38","date_gmt":"2025-12-07T20:23:38","guid":{"rendered":"https:\/\/pargift.pl\/index.php\/produkt\/kubek-termiczny-oslo-500-ml-czarny-2\/"},"modified":"2026-02-10T17:29:22","modified_gmt":"2026-02-10T17:29:22","slug":"kubek-termiczny-oslo-500-ml-czarny-2","status":"publish","type":"product","link":"https:\/\/pargift.pl\/index.php\/produkt\/kubek-termiczny-oslo-500-ml-czarny-2\/","title":{"rendered":"Kubek termiczny Oslo 500 ml, czarny"},"content":{"rendered":"<p>Wyj\u0105tkowy, pr\u00f3\u017cniowy kubek o pojemno\u015bci 500 ml. Utrzymuje temperatur\u0119 powy\u017cej 40\u00b0C przez 16 godzin. Nowoczesna technologia unbolt&amp;press stanowi podw\u00f3jne zabezpieczenie przed przypadkowym wylaniem napoju. Szczelne zamkni\u0119cie typu leak proof. Dwie \u015bcianki ze stali nierdzewnej, zar\u00f3wno wewn\u0105trz jak i na zewn\u0105trz zastosowano stal nierdzewn\u0105 18\/8 o podwy\u017cszonej jako\u015bci. Podstawa kubka z silikonu. Produkt klasy premium.<\/p>\n","protected":false},"excerpt":{"rendered":"<p>Wyj\u0105tkowy, pr\u00f3\u017cniowy kubek o pojemno\u015bci 500 ml. Utrzymuje temperatur\u0119 powy\u017cej 40\u00b0C przez 16 godzin. Nowoczesna technologia unbolt&amp;press stanowi podw\u00f3jne zabezpieczenie przed przypadkowym wylaniem napoju. Szczelne zamkni\u0119cie typu leak proof. Dwie \u015bcianki ze stali nierdzewnej, zar\u00f3wno wewn\u0105trz jak i na zewn\u0105trz zastosowano stal nierdzewn\u0105 18\/8 o podwy\u017cszonej jako\u015bci. Podstawa kubka z silikonu. Produkt klasy premium.<\/p>\n","protected":false},"featured_media":31485,"comment_status":"open","ping_status":"closed","template":"","meta":[],"product_brand":[],"product_cat":[155,86,119,136],"product_tag":[830,182,244,197,1620,984,1623,1622,1621,189],"class_list":{"0":"post-31484","1":"product","2":"type-product","3":"status-publish","4":"has-post-thumbnail","6":"product_cat-design","7":"product_cat-gadzety-klasy-premium","8":"product_cat-izotermiczne","9":"product_cat-leak-proof","10":"product_tag-aktywno-na-wieym-powietrzu","11":"product_tag-codzienne-uycie","12":"product_tag-elegancja","13":"product_tag-elegancki-prezent","14":"product_tag-ergonomiczny-kubek","15":"product_tag-kompaktowy-kubek","16":"product_tag-kubek-czarny","17":"product_tag-kubek-dla-kobiet","18":"product_tag-kubek-dla-mczyzn","19":"product_tag-kubek-izotermiczny","21":"first","22":"instock","23":"shipping-taxable","24":"purchasable","25":"product-type-simple"},"_links":{"self":[{"href":"https:\/\/pargift.pl\/index.php\/wp-json\/wp\/v2\/product\/31484","targetHints":{"allow":["GET"]}}],"collection":[{"href":"https:\/\/pargift.pl\/index.php\/wp-json\/wp\/v2\/product"}],"about":[{"href":"https:\/\/pargift.pl\/index.php\/wp-json\/wp\/v2\/types\/product"}],"replies":[{"embeddable":true,"href":"https:\/\/pargift.pl\/index.php\/wp-json\/wp\/v2\/comments?post=31484"}],"version-history":[{"count":0,"href":"https:\/\/pargift.pl\/index.php\/wp-json\/wp\/v2\/product\/31484\/revisions"}],"wp:featuredmedia":[{"embeddable":true,"href":"https:\/\/pargift.pl\/index.php\/wp-json\/wp\/v2\/media\/31485"}],"wp:attachment":[{"href":"https:\/\/pargift.pl\/index.php\/wp-json\/wp\/v2\/media?parent=31484"}],"wp:term":[{"taxonomy":"product_brand","embeddable":true,"href":"https:\/\/pargift.pl\/index.php\/wp-json\/wp\/v2\/product_brand?post=31484"},{"taxonomy":"product_cat","embeddable":true,"href":"https:\/\/pargift.pl\/index.php\/wp-json\/wp\/v2\/product_cat?post=31484"},{"taxonomy":"product_tag","embeddable":true,"href":"https:\/\/pargift.pl\/index.php\/wp-json\/wp\/v2\/product_tag?post=31484"}],"curies":[{"name":"wp","href":"https:\/\/api.w.org\/{rel}","templated":true}]}}